{"version":"1.0","provider_name":"Institut de Leadership","provider_url":"https:\/\/www.institutleadership.ca\/inscription","author_name":"Institut De Leadership","author_url":"https:\/\/www.institutleadership.ca\/inscription\/author\/adminjack\/","title":"Daniel Lamarre, Vice-Pr\u00e9sident ex\u00e9cutif du Conseil d\u2019administration pour le Groupe Cirque du Soleil - Institut de Leadership","type":"rich","width":600,"height":338,"html":"<blockquote class=\"wp-embedded-content\" data-secret=\"h3eErfCRUU\"><a href=\"https:\/\/www.institutleadership.ca\/inscription\/experts\/daniel-lamarre\/\">Daniel Lamarre, Vice-Pr\u00e9sident ex\u00e9cutif du Conseil d\u2019administration pour le Groupe Cirque du Soleil<\/a><\/blockquote><iframe sandbox=\"allow-scripts\" security=\"restricted\" src=\"https:\/\/www.institutleadership.ca\/inscription\/experts\/daniel-lamarre\/embed\/#?secret=h3eErfCRUU\" width=\"600\" height=\"338\" title=\"&laquo; Daniel Lamarre, Vice-Pr\u00e9sident ex\u00e9cutif du Conseil d\u2019administration pour le Groupe Cirque du Soleil &raquo; &#8212; Institut de Leadership\" data-secret=\"h3eErfCRUU\" frameborder=\"0\" marginwidth=\"0\" marginheight=\"0\" scrolling=\"no\" class=\"wp-embedded-content\"><\/iframe><script type=\"text\/javascript\">\n\/*! This file is auto-generated *\/\n!function(c,d){\"use strict\";var e=!1,o=!1;if(d.querySelector)if(c.addEventListener)e=!0;if(c.wp=c.wp||{},c.wp.receiveEmbedMessage);else if(c.wp.receiveEmbedMessage=function(e){var t=e.data;if(!t);else if(!(t.secret||t.message||t.value));else if(\/[^a-zA-Z0-9]\/.test(t.secret));else{for(var r,s,a,i=d.querySelectorAll('iframe[data-secret=\"'+t.secret+'\"]'),n=d.querySelectorAll('blockquote[data-secret=\"'+t.secret+'\"]'),o=new RegExp(\"^https?:$\",\"i\"),l=0;l<n.length;l++)n[l].style.display=\"none\";for(l=0;l<i.length;l++)if(r=i[l],e.source!==r.contentWindow);else{if(r.removeAttribute(\"style\"),\"height\"===t.message){if(1e3<(s=parseInt(t.value,10)))s=1e3;else if(~~s<200)s=200;r.height=s}if(\"link\"===t.message)if(s=d.createElement(\"a\"),a=d.createElement(\"a\"),s.href=r.getAttribute(\"src\"),a.href=t.value,!o.test(a.protocol));else if(a.host===s.host)if(d.activeElement===r)c.top.location.href=t.value}}},e)c.addEventListener(\"message\",c.wp.receiveEmbedMessage,!1),d.addEventListener(\"DOMContentLoaded\",t,!1),c.addEventListener(\"load\",t,!1);function t(){if(o);else{o=!0;for(var e,t,r,s=-1!==navigator.appVersion.indexOf(\"MSIE 10\"),a=!!navigator.userAgent.match(\/Trident.*rv:11\\.\/),i=d.querySelectorAll(\"iframe.wp-embedded-content\"),n=0;n<i.length;n++){if(!(r=(t=i[n]).getAttribute(\"data-secret\")))r=Math.random().toString(36).substr(2,10),t.src+=\"#?secret=\"+r,t.setAttribute(\"data-secret\",r);if(s||a)(e=t.cloneNode(!0)).removeAttribute(\"security\"),t.parentNode.replaceChild(e,t);t.contentWindow.postMessage({message:\"ready\",secret:r},\"*\")}}}}(window,document);\n<\/script>\n","thumbnail_url":"https:\/\/www.institutleadership.ca\/inscription\/wp-content\/uploads\/sites\/10\/2019\/11\/DanielLamarre_043_HR_2017-min.jpg","thumbnail_width":1363,"thumbnail_height":2048,"description":"\u00c0 titre de Vice-Pr\u00e9sident ex\u00e9cutif du Conseil d\u2019administration pour le Groupe Cirque du Soleil, Daniel Lamarre est responsable du renforcement des partenariats cl\u00e9s et de la conduite de nouveaux projets de croissance pour le Groupe Cirque du Soleil. Au cours &hellip;"}

Daniel Lamarre, Vice-Président exécutif du Conseil d’administration pour le Groupe Cirque du Soleil - Institut de Leadership

<blockquote class="wp-embedded-content" data-secret="h3eErfCRUU"><a href="https://www.institutleadership.ca/inscription/experts/daniel-lamarre/">Daniel Lamarre, Vice-Président exécutif du Conseil d’administration pour le Groupe Cirque du Soleil</a></blockquote><iframe sandbox="allow-scripts" security="restricted" src="https://www.institutleadership.ca/inscription/experts/daniel-lamarre/embed/#?secret=h3eErfCRUU" width="600" height="338" title="&laquo; Daniel Lamarre, Vice-Président exécutif du Conseil d’administration pour le Groupe Cirque du Soleil &raquo; &#8212; Institut de Leadership" data-secret="h3eErfCRUU" frameborder="0" marginwidth="0" marginheight="0" scrolling="no" class="wp-embedded-content"></iframe><script type="text/javascript">
/*! This file is auto-generated */
!function(c,d){"use strict";var e=!1,o=!1;if(d.querySelector)if(c.addEventListener)e=!0;if(c.wp=c.wp||{},c.wp.receiveEmbedMessage);else if(c.wp.receiveEmbedMessage=function(e){var t=e.data;if(!t);else if(!(t.secret||t.message||t.value));else if(/[^a-zA-Z0-9]/.test(t.secret));else{for(var r,s,a,i=d.querySelectorAll('iframe[data-secret="'+t.secret+'"]'),n=d.querySelectorAll('blockquote[data-secret="'+t.secret+'"]'),o=new RegExp("^https?:$","i"),l=0;l<n.length;l++)n[l].style.display="none";for(l=0;l<i.length;l++)if(r=i[l],e.source!==r.contentWindow);else{if(r.removeAttribute("style"),"height"===t.message){if(1e3<(s=parseInt(t.value,10)))s=1e3;else if(~~s<200)s=200;r.height=s}if("link"===t.message)if(s=d.createElement("a"),a=d.createElement("a"),s.href=r.getAttribute("src"),a.href=t.value,!o.test(a.protocol));else if(a.host===s.host)if(d.activeElement===r)c.top.location.href=t.value}}},e)c.addEventListener("message",c.wp.receiveEmbedMessage,!1),d.addEventListener("DOMContentLoaded",t,!1),c.addEventListener("load",t,!1);function t(){if(o);else{o=!0;for(var e,t,r,s=-1!==navigator.appVersion.indexOf("MSIE 10"),a=!!navigator.userAgent.match(/Trident.*rv:11\./),i=d.querySelectorAll("iframe.wp-embedded-content"),n=0;n<i.length;n++){if(!(r=(t=i[n]).getAttribute("data-secret")))r=Math.random().toString(36).substr(2,10),t.src+="#?secret="+r,t.setAttribute("data-secret",r);if(s||a)(e=t.cloneNode(!0)).removeAttribute("security"),t.parentNode.replaceChild(e,t);t.contentWindow.postMessage({message:"ready",secret:r},"*")}}}}(window,document);
</script>

À titre de Vice-Président exécutif du Conseil d’administration pour le Groupe Cirque du Soleil, Daniel Lamarre est responsable du renforcement des partenariats clés et de la conduite de nouveaux projets de croissance pour le Groupe Cirque du Soleil. Au cours &hellip;
