{"id":13517,"date":"2021-10-14T09:43:55","date_gmt":"2021-10-14T13:43:55","guid":{"rendered":"https:\/\/www.institutleadership.ca\/english\/?page_id=13517"},"modified":"2022-11-14T10:57:48","modified_gmt":"2022-11-14T15:57:48","slug":"certification-en-gestion-du-capital-humain","status":"publish","type":"page","link":"https:\/\/www.institutleadership.ca\/inscription\/certification-en-gestion-du-capital-humain\/","title":{"rendered":"Certification en gestion du capital humain"},"content":{"rendered":"<div id=\"page-content\">\n<h3><b>CERTIFICATION EN GESTION DU CAPITAL HUMAIN<\/b><\/h3>\n<p>Seul dans son genre, ce programme de Certification en gestion du capital humain a \u00e9t\u00e9 \u00e9labor\u00e9 en collaboration avec des enseignants universitaires et des chefs de file dans leur milieu.\u00a0 Chaque participant aura l\u2019opportunit\u00e9 de rencontrer et d\u2019apprendre les meilleures strat\u00e9gies provenant d\u2019au moins quinze intervenants diff\u00e9rents au cours de ce programme \u00e9lite. Ce programme se veut compl\u00e9mentaire de la Certification en leadership et habilet\u00e9s de direction offerte par l&#8217;Institut de leadership.<\/p>\n<p>Formations pertinentes et reconnues (\u00e9tudes de cas, tendances, meilleures pratiques, etc.), et opportunit\u00e9 d\u2019agrandir son r\u00e9seau de fa\u00e7on importante.<\/p>\n<p>&nbsp;<\/p>\n<h3><b>\u00c0 QUI S&#8217;ADRESSE LA CERTIFICATION ?<\/b><\/h3>\n<p>Cette certification est destin\u00e9e aux individus qui occupent des postes \u00e0 responsabilit\u00e9s. Ils proviennent d\u2019une grande diversit\u00e9 d\u2019industries et de contextes, en plus d\u2019avoir des profils personnels diversifi\u00e9s.<\/p>\n<ul>\n<li>Professionnels cadres \u2013 gestionnaires (entreprises et organisations publiques, OBNL, etc.)<\/li>\n<li>Membres de la direction de PME<\/li>\n<li>Entrepreneurs et propri\u00e9taires de petites et moyennes entreprises<\/li>\n<li>Rel\u00e8ve entrepreneuriale<\/li>\n<li>Etc.<\/li>\n<\/ul>\n<p>&nbsp;<\/p>\n<div class=\"grid_12 \">\n<h3>DESCRIPTION DES MODULES DE LA CERTIFICATION<\/h3>\n<\/div>\n<div class=\"grid_12 \">\n<h4 class=\"p1\"><b>Module :\u00a0Cr\u00e9ation d&#8217;une culture d&#8217;entreprise et la gestion du changement<\/b><\/h4>\n<ul class=\"ul1\">\n<li>D\u00e9finir les attributs de votre culture d\u2019entreprise<\/li>\n<li>Comprendre l\u2019utilit\u00e9 et les pi\u00e8ges li\u00e9s \u00e0 votre culture d\u2019entreprise<\/li>\n<li>Transformer votre culture d\u2019entreprise pour qu\u2019elle supporte mieux votre mission<\/li>\n<li>Comprendre les mod\u00e8les et les principes en gestion du changement<\/li>\n<li>D\u00e9finir les enjeux relatifs \u00e0 la gestion du changement<\/li>\n<li>D\u00e9terminer les\u00a0conditions de succ\u00e8s des changements\u00a0en fonction de votre culture et la strat\u00e9gie de l\u2019entreprise<\/li>\n<li>\u00c9tablir une feuille de route pour piloter le changement<\/li>\n<\/ul>\n<\/div>\n<div class=\"grid_12 \">\n<h4><strong>Module\u00a0<\/strong>:\u00a0Gestion des g\u00e9n\u00e9rations<em><br \/>\n<\/em><\/h4>\n<ul>\n<li>Comprendre l\u2019importance d\u2019harmoniser notre mod\u00e8le de gestion avec les diff\u00e9rentes g\u00e9n\u00e9rations dans notre \u00e9quipe de travail.<\/li>\n<li>Identifier les forces et les d\u00e9fis de chacune des cinq g\u00e9n\u00e9rations actuellement au travail.<\/li>\n<li>Aborder les besoins particuliers de la communication.<\/li>\n<li>Comprendre les diff\u00e9rents besoins de reconnaissance et de valorisation au travail.<\/li>\n<li>Concilier les besoins de tous : la compl\u00e9mentarit\u00e9\u0301 au service de la synergie.<\/li>\n<li>Faire \u00e9voluer notre culture et nos valeurs d\u2019entreprise au rythme des besoins g\u00e9n\u00e9rationnels.<\/li>\n<\/ul>\n<\/div>\n<div class=\"grid_12 \">\n<h4><strong>Module<\/strong>\u00a0:\u00a0Gestion des employ\u00e9s difficiles<\/h4>\n<ul>\n<li>Comprendre la diff\u00e9rence entre un employ\u00e9 difficile et un employ\u00e9 en difficult\u00e9<\/li>\n<li>Conna\u00eetre les diff\u00e9rents types d\u2019employ\u00e9s difficiles<\/li>\n<li>Les causes d\u2019un employ\u00e9 difficile du point de vue de l\u2019employ\u00e9 et de son gestionnaire<\/li>\n<li>Comment ajuster son approche d\u2019encadrement selon le contexte\u202f: du coaching \u00e0 l\u2019approche directive<\/li>\n<li>Quand le reste ne fonctionne pas, le processus disciplinaire comment s\u2019y pr\u00e9parer, intervenir et effectuer le suivi n\u00e9cessaire<\/li>\n<\/ul>\n<\/div>\n<div class=\"grid_12 \">\n<h4><strong>Module<\/strong>\u00a0:\u00a0G\u00e9rer la performance et l&#8217;\u00e9nergie au travail<\/h4>\n<ul>\n<li>Les bonnes pratiques pour g\u00e9rer la performance\u00a0et la mobilisation\u00a0des employ\u00e9s, et des \u00e9quipes<\/li>\n<li>Les\u00a0strat\u00e9gies et\u00a0les\u00a0indicateurs de r\u00e9sultats et comportements pour concilier performance et mobilisation dans la nouvelle r\u00e9alit\u00e9 du travail<\/li>\n<li>Les meilleures pratiques pour stimuler l\u2019\u00e9nergie au travail, le d\u00e9passement et la performance en \u00e9quipe<\/li>\n<\/ul>\n<\/div>\n<div class=\"grid_12 \">\n<h4><strong>Module<\/strong>\u00a0: R\u00e9solution des probl\u00e8mes<\/h4>\n<ul>\n<li>D\u00e9celer les signes pr\u00e9curseurs du conflit<\/li>\n<li>Diagnostiquer \u00e0 quel stade du conflit se trouve l\u2019\u00e9quipe<\/li>\n<li>Reconna\u00eetre les diff\u00e9rentes r\u00e9actions fr\u00e9quentes \u00e0 chacun des stades de d\u00e9veloppement du conflit<\/li>\n<li>D\u00e9velopper des moyens pour g\u00e9rer chacun des stades de d\u00e9veloppement du conflit<\/li>\n<li>Adopter les bonnes attitudes et faire les gestes appropri\u00e9s pour r\u00e9soudre un conflit<\/li>\n<li>Comprendre les diff\u00e9rentes variables associ\u00e9es au confit<\/li>\n<\/ul>\n<h4>Module : Coacher autrement pour mieux performer et atteindre vos objectifs<\/h4>\n<ul>\n<li>Comprendre les exigences du coaching<\/li>\n<li>Exp\u00e9rimenter les techniques appropri\u00e9s<\/li>\n<li>Appliquer un processus de coaching<\/li>\n<li>Gagner le droit de coacher<\/li>\n<\/ul>\n<p>&nbsp;<\/p>\n<\/div>\n<\/div>\n<div id=\"page-content\">\n<div class=\"grid_12 \">\n<h4><b>Travail d\u2019int\u00e9gration<\/b><\/h4>\n<p><i><span class=\"il\">Un<\/span>\u00a0<span class=\"il\">travail<\/span>\u00a0<span class=\"il\">d<\/span>\u2019<span class=\"il\">int\u00e9gration<\/span>\u00a0est obligatoire \u00e0 l\u2019obtention de la Certification. Ce\u00a0<span class=\"il\">travail<\/span>\u00a0est \u00e0 faire \u00e0 la suite\u00a0de la formation. Vous aurez 3 semaines pour le compl\u00e9ter. Il s&#8217;agit\u00a0<span class=\"il\">d<\/span>&#8216;une r\u00e9flexion personnelle, l\u2019objectif est de faire le lien entre les apprentissages vus en formation et votre r\u00e9alit\u00e9 \u00e0 titre de gestionnaire dans votre organisation.\u00a0<\/i><\/p>\n<\/div>\n<div class=\"grid_6 \">\n<div class=\"sm_hr\"><\/div>\n<\/div>\n<div class=\"grid_12 \">\n<h3>TARIFS, DATES ET INSCRIPTION<\/h3>\n<\/div>\n<div class=\"grid_6 \">\n<div class=\"sm_hr\"><\/div>\n<\/div>\n<div class=\"clear\">Vous trouverez, ci-apr\u00e8s, les dates des prochaines cohortes pour la Certification en gestion du capital humain. Cliquez sur le moment de votre choix pour acc\u00e9der \u00e0 tous les d\u00e9tails et pour vous y inscrire.<\/div>\n<\/div>\n<div>\n<h4><strong>Formation en pr\u00e9sentiel : \u00e0 Montr\u00e9al\u00a0<\/strong><\/h4>\n<ul>\n<li><a href=\"https:\/\/www.institutleadership.ca\/english\/formations-certifications\/certification-en-gestion-du-capital-humain-en-presentiel-mai-2023\/\" target=\"_blank\" rel=\"noopener\"><em>Printemps 2023 : 3-4-5 et 17-18-19 mai\u00a0<\/em><\/a><\/li>\n<\/ul>\n<p>Les journ\u00e9es de formation sont admissibles \u00e0 la loi du 1 % pour la formation de la main d\u2019\u0153uvre. De plus, vous avez la possibilit\u00e9 d\u2019acc\u00e9der \u00e0 d\u2019autres financements. Pour cela, renseignez-vous directement aupr\u00e8s d\u2019Emploi Qu\u00e9bec de votre r\u00e9gion.<\/p>\n<p>Des rabais sont offerts aux\u00a0organismes \u00e0 but non lucratif \u00a0(15%) et gouvernementaux (10%).\u00a0<a href=\"https:\/\/www.institutleadership.ca\/english\/contact\/\">Contactez-nous<\/a>\u00a0pour plus de d\u00e9tails.<\/p>\n<p>Des tarifs avantageux sont aussi offerts lorsque trois participants ou plus, provenant d\u2019une m\u00eame entreprise, s\u2019inscrivent aux formations. Pour plus de d\u00e9tails, veuillez\u00a0<a href=\"https:\/\/www.institutleadership.ca\/english\/contact\/\">communiquer<\/a>\u00a0avec nous.<\/p>\n<\/div>\n","protected":false},"excerpt":{"rendered":"<p>CERTIFICATION EN GESTION DU CAPITAL HUMAIN Seul dans son genre, ce programme de Certification en gestion du capital humain a \u00e9t\u00e9 \u00e9labor\u00e9 en collaboration avec des enseignants universitaires et des chefs de file dans leur milieu.\u00a0 Chaque participant aura l\u2019opportunit\u00e9 &hellip; <\/p>\n","protected":false},"author":17,"featured_media":0,"parent":0,"menu_order":0,"comment_status":"closed","ping_status":"closed","template":"","meta":{"content-type":"","om_disable_all_campaigns":false},"yoast_head":"<!-- This site is optimized with the Yoast SEO plugin v20.6 - https:\/\/yoast.com\/wordpress\/plugins\/seo\/ -->\n<title>Certification en gestion du capital humain - Institut de Leadership<\/title>\n<meta name=\"robots\" content=\"index, follow, max-snippet:-1, max-image-preview:large, max-video-preview:-1\" \/>\n<link rel=\"canonical\" href=\"https:\/\/www.institutleadership.ca\/inscription\/certification-en-gestion-du-capital-humain\/\" \/>\n<meta property=\"og:locale\" content=\"fr_CA\" \/>\n<meta property=\"og:type\" content=\"article\" \/>\n<meta property=\"og:title\" content=\"Certification en gestion du capital humain - Institut de Leadership\" \/>\n<meta property=\"og:description\" content=\"CERTIFICATION EN GESTION DU CAPITAL HUMAIN Seul dans son genre, ce programme de Certification en gestion du capital humain a \u00e9t\u00e9 \u00e9labor\u00e9 en collaboration avec des enseignants universitaires et des chefs de file dans leur milieu.\u00a0 Chaque participant aura l\u2019opportunit\u00e9 &hellip;\" \/>\n<meta property=\"og:url\" content=\"https:\/\/www.institutleadership.ca\/inscription\/certification-en-gestion-du-capital-humain\/\" \/>\n<meta property=\"og:site_name\" content=\"Institut de Leadership\" \/>\n<meta property=\"article:publisher\" content=\"https:\/\/www.facebook.com\/institutleadership\/\" \/>\n<meta property=\"article:modified_time\" content=\"2022-11-14T15:57:48+00:00\" \/>\n<meta name=\"twitter:card\" content=\"summary_large_image\" \/>\n<meta name=\"twitter:label1\" content=\"Estimation du temps de lecture\" \/>\n\t<meta name=\"twitter:data1\" content=\"4 minutes\" \/>\n<script type=\"application\/ld+json\" class=\"yoast-schema-graph\">{\"@context\":\"https:\/\/schema.org\",\"@graph\":[{\"@type\":\"WebPage\",\"@id\":\"https:\/\/www.institutleadership.ca\/inscription\/certification-en-gestion-du-capital-humain\/\",\"url\":\"https:\/\/www.institutleadership.ca\/inscription\/certification-en-gestion-du-capital-humain\/\",\"name\":\"Certification en gestion du capital humain - Institut de Leadership\",\"isPartOf\":{\"@id\":\"https:\/\/www.institutleadership.ca\/inscription\/#website\"},\"datePublished\":\"2021-10-14T13:43:55+00:00\",\"dateModified\":\"2022-11-14T15:57:48+00:00\",\"breadcrumb\":{\"@id\":\"https:\/\/www.institutleadership.ca\/inscription\/certification-en-gestion-du-capital-humain\/#breadcrumb\"},\"inLanguage\":\"fr-CA\",\"potentialAction\":[{\"@type\":\"ReadAction\",\"target\":[\"https:\/\/www.institutleadership.ca\/inscription\/certification-en-gestion-du-capital-humain\/\"]}]},{\"@type\":\"BreadcrumbList\",\"@id\":\"https:\/\/www.institutleadership.ca\/inscription\/certification-en-gestion-du-capital-humain\/#breadcrumb\",\"itemListElement\":[{\"@type\":\"ListItem\",\"position\":1,\"name\":\"Accueil\",\"item\":\"https:\/\/www.institutleadership.ca\/inscription\/\"},{\"@type\":\"ListItem\",\"position\":2,\"name\":\"Certification en gestion du capital humain\"}]},{\"@type\":\"WebSite\",\"@id\":\"https:\/\/www.institutleadership.ca\/inscription\/#website\",\"url\":\"https:\/\/www.institutleadership.ca\/inscription\/\",\"name\":\"Institut de leadership\",\"description\":\"Formations pour cadres et dirigeants\",\"publisher\":{\"@id\":\"https:\/\/www.institutleadership.ca\/inscription\/#organization\"},\"potentialAction\":[{\"@type\":\"SearchAction\",\"target\":{\"@type\":\"EntryPoint\",\"urlTemplate\":\"https:\/\/www.institutleadership.ca\/inscription\/?s={search_term_string}\"},\"query-input\":\"required name=search_term_string\"}],\"inLanguage\":\"fr-CA\"},{\"@type\":\"Organization\",\"@id\":\"https:\/\/www.institutleadership.ca\/inscription\/#organization\",\"name\":\"Institut de leadership\",\"url\":\"https:\/\/www.institutleadership.ca\/inscription\/\",\"logo\":{\"@type\":\"ImageObject\",\"inLanguage\":\"fr-CA\",\"@id\":\"https:\/\/www.institutleadership.ca\/inscription\/#\/schema\/logo\/image\/\",\"url\":\"https:\/\/www.institutleadership.ca\/english\/wp-content\/uploads\/sites\/10\/2019\/11\/Logo_Officiel-2-1.jpg\",\"contentUrl\":\"https:\/\/www.institutleadership.ca\/english\/wp-content\/uploads\/sites\/10\/2019\/11\/Logo_Officiel-2-1.jpg\",\"width\":2048,\"height\":1024,\"caption\":\"Institut de leadership\"},\"image\":{\"@id\":\"https:\/\/www.institutleadership.ca\/inscription\/#\/schema\/logo\/image\/\"},\"sameAs\":[\"https:\/\/www.facebook.com\/institutleadership\/\",\"https:\/\/www.linkedin.com\/school\/5305840\"]}]}<\/script>\n<!-- \/ Yoast SEO plugin. -->","yoast_head_json":{"title":"Certification en gestion du capital humain - Institut de Leadership","robots":{"index":"index","follow":"follow","max-snippet":"max-snippet:-1","max-image-preview":"max-image-preview:large","max-video-preview":"max-video-preview:-1"},"canonical":"https:\/\/www.institutleadership.ca\/inscription\/certification-en-gestion-du-capital-humain\/","og_locale":"fr_CA","og_type":"article","og_title":"Certification en gestion du capital humain - Institut de Leadership","og_description":"CERTIFICATION EN GESTION DU CAPITAL HUMAIN Seul dans son genre, ce programme de Certification en gestion du capital humain a \u00e9t\u00e9 \u00e9labor\u00e9 en collaboration avec des enseignants universitaires et des chefs de file dans leur milieu.\u00a0 Chaque participant aura l\u2019opportunit\u00e9 &hellip;","og_url":"https:\/\/www.institutleadership.ca\/inscription\/certification-en-gestion-du-capital-humain\/","og_site_name":"Institut de Leadership","article_publisher":"https:\/\/www.facebook.com\/institutleadership\/","article_modified_time":"2022-11-14T15:57:48+00:00","twitter_card":"summary_large_image","twitter_misc":{"Estimation du temps de lecture":"4 minutes"},"schema":{"@context":"https:\/\/schema.org","@graph":[{"@type":"WebPage","@id":"https:\/\/www.institutleadership.ca\/inscription\/certification-en-gestion-du-capital-humain\/","url":"https:\/\/www.institutleadership.ca\/inscription\/certification-en-gestion-du-capital-humain\/","name":"Certification en gestion du capital humain - Institut de Leadership","isPartOf":{"@id":"https:\/\/www.institutleadership.ca\/inscription\/#website"},"datePublished":"2021-10-14T13:43:55+00:00","dateModified":"2022-11-14T15:57:48+00:00","breadcrumb":{"@id":"https:\/\/www.institutleadership.ca\/inscription\/certification-en-gestion-du-capital-humain\/#breadcrumb"},"inLanguage":"fr-CA","potentialAction":[{"@type":"ReadAction","target":["https:\/\/www.institutleadership.ca\/inscription\/certification-en-gestion-du-capital-humain\/"]}]},{"@type":"BreadcrumbList","@id":"https:\/\/www.institutleadership.ca\/inscription\/certification-en-gestion-du-capital-humain\/#breadcrumb","itemListElement":[{"@type":"ListItem","position":1,"name":"Accueil","item":"https:\/\/www.institutleadership.ca\/inscription\/"},{"@type":"ListItem","position":2,"name":"Certification en gestion du capital humain"}]},{"@type":"WebSite","@id":"https:\/\/www.institutleadership.ca\/inscription\/#website","url":"https:\/\/www.institutleadership.ca\/inscription\/","name":"Institut de leadership","description":"Formations pour cadres et dirigeants","publisher":{"@id":"https:\/\/www.institutleadership.ca\/inscription\/#organization"},"potentialAction":[{"@type":"SearchAction","target":{"@type":"EntryPoint","urlTemplate":"https:\/\/www.institutleadership.ca\/inscription\/?s={search_term_string}"},"query-input":"required name=search_term_string"}],"inLanguage":"fr-CA"},{"@type":"Organization","@id":"https:\/\/www.institutleadership.ca\/inscription\/#organization","name":"Institut de leadership","url":"https:\/\/www.institutleadership.ca\/inscription\/","logo":{"@type":"ImageObject","inLanguage":"fr-CA","@id":"https:\/\/www.institutleadership.ca\/inscription\/#\/schema\/logo\/image\/","url":"https:\/\/www.institutleadership.ca\/english\/wp-content\/uploads\/sites\/10\/2019\/11\/Logo_Officiel-2-1.jpg","contentUrl":"https:\/\/www.institutleadership.ca\/english\/wp-content\/uploads\/sites\/10\/2019\/11\/Logo_Officiel-2-1.jpg","width":2048,"height":1024,"caption":"Institut de leadership"},"image":{"@id":"https:\/\/www.institutleadership.ca\/inscription\/#\/schema\/logo\/image\/"},"sameAs":["https:\/\/www.facebook.com\/institutleadership\/","https:\/\/www.linkedin.com\/school\/5305840"]}]}},"_links":{"self":[{"href":"https:\/\/www.institutleadership.ca\/inscription\/wp-json\/wp\/v2\/pages\/13517"}],"collection":[{"href":"https:\/\/www.institutleadership.ca\/inscription\/wp-json\/wp\/v2\/pages"}],"about":[{"href":"https:\/\/www.institutleadership.ca\/inscription\/wp-json\/wp\/v2\/types\/page"}],"author":[{"embeddable":true,"href":"https:\/\/www.institutleadership.ca\/inscription\/wp-json\/wp\/v2\/users\/17"}],"replies":[{"embeddable":true,"href":"https:\/\/www.institutleadership.ca\/inscription\/wp-json\/wp\/v2\/comments?post=13517"}],"version-history":[{"count":19,"href":"https:\/\/www.institutleadership.ca\/inscription\/wp-json\/wp\/v2\/pages\/13517\/revisions"}],"predecessor-version":[{"id":14937,"href":"https:\/\/www.institutleadership.ca\/inscription\/wp-json\/wp\/v2\/pages\/13517\/revisions\/14937"}],"wp:attachment":[{"href":"https:\/\/www.institutleadership.ca\/inscription\/wp-json\/wp\/v2\/media?parent=13517"}],"curies":[{"name":"wp","href":"https:\/\/api.w.org\/{rel}","templated":true}]}}