{"version":"1.0","provider_name":"Canada - Institut de Leadership","provider_url":"https:\/\/www.institutleadership.ca\/montreal","author_name":"Institut de leadership","author_url":"https:\/\/www.institutleadership.ca\/montreal\/author\/institutlg\/","title":"Directeur\/trice au d\u00e9veloppement des affaires - Canada - Institut de Leadership","type":"rich","width":600,"height":338,"html":"<blockquote class=\"wp-embedded-content\" data-secret=\"9nRMYBNzh2\"><a href=\"https:\/\/www.institutleadership.ca\/montreal\/directeur-trice-au-developpement-des-affaires\/\">Directeur\/trice au d\u00e9veloppement des affaires<\/a><\/blockquote><iframe sandbox=\"allow-scripts\" security=\"restricted\" src=\"https:\/\/www.institutleadership.ca\/montreal\/directeur-trice-au-developpement-des-affaires\/embed\/#?secret=9nRMYBNzh2\" width=\"600\" height=\"338\" title=\"&laquo; Directeur\/trice au d\u00e9veloppement des affaires &raquo; &#8212; Canada - Institut de Leadership\" data-secret=\"9nRMYBNzh2\" frameborder=\"0\" marginwidth=\"0\" marginheight=\"0\" scrolling=\"no\" class=\"wp-embedded-content\"><\/iframe><script type=\"text\/javascript\">\n\/*! This file is auto-generated *\/\n!function(c,d){\"use strict\";var e=!1,o=!1;if(d.querySelector)if(c.addEventListener)e=!0;if(c.wp=c.wp||{},c.wp.receiveEmbedMessage);else if(c.wp.receiveEmbedMessage=function(e){var t=e.data;if(!t);else if(!(t.secret||t.message||t.value));else if(\/[^a-zA-Z0-9]\/.test(t.secret));else{for(var r,s,a,i=d.querySelectorAll('iframe[data-secret=\"'+t.secret+'\"]'),n=d.querySelectorAll('blockquote[data-secret=\"'+t.secret+'\"]'),o=new RegExp(\"^https?:$\",\"i\"),l=0;l<n.length;l++)n[l].style.display=\"none\";for(l=0;l<i.length;l++)if(r=i[l],e.source!==r.contentWindow);else{if(r.removeAttribute(\"style\"),\"height\"===t.message){if(1e3<(s=parseInt(t.value,10)))s=1e3;else if(~~s<200)s=200;r.height=s}if(\"link\"===t.message)if(s=d.createElement(\"a\"),a=d.createElement(\"a\"),s.href=r.getAttribute(\"src\"),a.href=t.value,!o.test(a.protocol));else if(a.host===s.host)if(d.activeElement===r)c.top.location.href=t.value}}},e)c.addEventListener(\"message\",c.wp.receiveEmbedMessage,!1),d.addEventListener(\"DOMContentLoaded\",t,!1),c.addEventListener(\"load\",t,!1);function t(){if(o);else{o=!0;for(var e,t,r,s=-1!==navigator.appVersion.indexOf(\"MSIE 10\"),a=!!navigator.userAgent.match(\/Trident.*rv:11\\.\/),i=d.querySelectorAll(\"iframe.wp-embedded-content\"),n=0;n<i.length;n++){if(!(r=(t=i[n]).getAttribute(\"data-secret\")))r=Math.random().toString(36).substr(2,10),t.src+=\"#?secret=\"+r,t.setAttribute(\"data-secret\",r);if(s||a)(e=t.cloneNode(!0)).removeAttribute(\"security\"),t.parentNode.replaceChild(e,t);t.contentWindow.postMessage({message:\"ready\",secret:r},\"*\")}}}}(window,document);\n<\/script>\n","thumbnail_url":"https:\/\/www.institutleadership.ca\/montreal\/wp-content\/uploads\/sites\/7\/2025\/03\/Logo-carre.jpg","thumbnail_width":960,"thumbnail_height":960,"description":"Directeur\/trice au d\u00e9veloppement des affaires \u00c0 propos de l\u2019offre d\u2019emploi Rejoignez une organisation dynamique et laissez votre empreinte dans le monde du d\u00e9veloppement des affaires! Vous \u00eates passionn\u00e9(e) par la cr\u00e9ation de partenariats strat\u00e9giques et la croissance des ventes? Vous &hellip;"}

Directeur/trice au développement des affaires - Canada - Institut de Leadership

<blockquote class="wp-embedded-content" data-secret="9nRMYBNzh2"><a href="https://www.institutleadership.ca/montreal/directeur-trice-au-developpement-des-affaires/">Directeur/trice au développement des affaires</a></blockquote><iframe sandbox="allow-scripts" security="restricted" src="https://www.institutleadership.ca/montreal/directeur-trice-au-developpement-des-affaires/embed/#?secret=9nRMYBNzh2" width="600" height="338" title="&laquo; Directeur/trice au développement des affaires &raquo; &#8212; Canada - Institut de Leadership" data-secret="9nRMYBNzh2" frameborder="0" marginwidth="0" marginheight="0" scrolling="no" class="wp-embedded-content"></iframe><script type="text/javascript">
/*! This file is auto-generated */
!function(c,d){"use strict";var e=!1,o=!1;if(d.querySelector)if(c.addEventListener)e=!0;if(c.wp=c.wp||{},c.wp.receiveEmbedMessage);else if(c.wp.receiveEmbedMessage=function(e){var t=e.data;if(!t);else if(!(t.secret||t.message||t.value));else if(/[^a-zA-Z0-9]/.test(t.secret));else{for(var r,s,a,i=d.querySelectorAll('iframe[data-secret="'+t.secret+'"]'),n=d.querySelectorAll('blockquote[data-secret="'+t.secret+'"]'),o=new RegExp("^https?:$","i"),l=0;l<n.length;l++)n[l].style.display="none";for(l=0;l<i.length;l++)if(r=i[l],e.source!==r.contentWindow);else{if(r.removeAttribute("style"),"height"===t.message){if(1e3<(s=parseInt(t.value,10)))s=1e3;else if(~~s<200)s=200;r.height=s}if("link"===t.message)if(s=d.createElement("a"),a=d.createElement("a"),s.href=r.getAttribute("src"),a.href=t.value,!o.test(a.protocol));else if(a.host===s.host)if(d.activeElement===r)c.top.location.href=t.value}}},e)c.addEventListener("message",c.wp.receiveEmbedMessage,!1),d.addEventListener("DOMContentLoaded",t,!1),c.addEventListener("load",t,!1);function t(){if(o);else{o=!0;for(var e,t,r,s=-1!==navigator.appVersion.indexOf("MSIE 10"),a=!!navigator.userAgent.match(/Trident.*rv:11\./),i=d.querySelectorAll("iframe.wp-embedded-content"),n=0;n<i.length;n++){if(!(r=(t=i[n]).getAttribute("data-secret")))r=Math.random().toString(36).substr(2,10),t.src+="#?secret="+r,t.setAttribute("data-secret",r);if(s||a)(e=t.cloneNode(!0)).removeAttribute("security"),t.parentNode.replaceChild(e,t);t.contentWindow.postMessage({message:"ready",secret:r},"*")}}}}(window,document);
</script>

Directeur/trice au développement des affaires À propos de l’offre d’emploi Rejoignez une organisation dynamique et laissez votre empreinte dans le monde du développement des affaires! Vous êtes passionné(e) par la création de partenariats stratégiques et la croissance des ventes? Vous &hellip;
