{"version":"1.0","provider_name":"Canada - Institut de Leadership","provider_url":"https:\/\/www.institutleadership.ca\/montreal","author_name":"Institut de leadership","author_url":"https:\/\/www.institutleadership.ca\/montreal\/author\/institutlg\/","title":"Alain Batty, Ancien pr\u00e9sident de Ford Canada - Canada - Institut de Leadership","type":"rich","width":600,"height":338,"html":"<blockquote class=\"wp-embedded-content\" data-secret=\"X8GyHh7fbg\"><a href=\"https:\/\/www.institutleadership.ca\/montreal\/experts\/alain-batty\/\">Alain Batty, Ancien pr\u00e9sident de Ford Canada<\/a><\/blockquote><iframe sandbox=\"allow-scripts\" security=\"restricted\" src=\"https:\/\/www.institutleadership.ca\/montreal\/experts\/alain-batty\/embed\/#?secret=X8GyHh7fbg\" width=\"600\" height=\"338\" title=\"&laquo; Alain Batty, Ancien pr\u00e9sident de Ford Canada &raquo; &#8212; Canada - Institut de Leadership\" data-secret=\"X8GyHh7fbg\" frameborder=\"0\" marginwidth=\"0\" marginheight=\"0\" scrolling=\"no\" class=\"wp-embedded-content\"><\/iframe><script type=\"text\/javascript\">\n\/*! This file is auto-generated *\/\n!function(c,d){\"use strict\";var e=!1,o=!1;if(d.querySelector)if(c.addEventListener)e=!0;if(c.wp=c.wp||{},c.wp.receiveEmbedMessage);else if(c.wp.receiveEmbedMessage=function(e){var t=e.data;if(!t);else if(!(t.secret||t.message||t.value));else if(\/[^a-zA-Z0-9]\/.test(t.secret));else{for(var r,s,a,i=d.querySelectorAll('iframe[data-secret=\"'+t.secret+'\"]'),n=d.querySelectorAll('blockquote[data-secret=\"'+t.secret+'\"]'),o=new RegExp(\"^https?:$\",\"i\"),l=0;l<n.length;l++)n[l].style.display=\"none\";for(l=0;l<i.length;l++)if(r=i[l],e.source!==r.contentWindow);else{if(r.removeAttribute(\"style\"),\"height\"===t.message){if(1e3<(s=parseInt(t.value,10)))s=1e3;else if(~~s<200)s=200;r.height=s}if(\"link\"===t.message)if(s=d.createElement(\"a\"),a=d.createElement(\"a\"),s.href=r.getAttribute(\"src\"),a.href=t.value,!o.test(a.protocol));else if(a.host===s.host)if(d.activeElement===r)c.top.location.href=t.value}}},e)c.addEventListener(\"message\",c.wp.receiveEmbedMessage,!1),d.addEventListener(\"DOMContentLoaded\",t,!1),c.addEventListener(\"load\",t,!1);function t(){if(o);else{o=!0;for(var e,t,r,s=-1!==navigator.appVersion.indexOf(\"MSIE 10\"),a=!!navigator.userAgent.match(\/Trident.*rv:11\\.\/),i=d.querySelectorAll(\"iframe.wp-embedded-content\"),n=0;n<i.length;n++){if(!(r=(t=i[n]).getAttribute(\"data-secret\")))r=Math.random().toString(36).substr(2,10),t.src+=\"#?secret=\"+r,t.setAttribute(\"data-secret\",r);if(s||a)(e=t.cloneNode(!0)).removeAttribute(\"security\"),t.parentNode.replaceChild(e,t);t.contentWindow.postMessage({message:\"ready\",secret:r},\"*\")}}}}(window,document);\n<\/script>\n","thumbnail_url":"https:\/\/www.institutleadership.ca\/montreal\/wp-content\/uploads\/sites\/7\/2019\/12\/expert-batty-alain.jpg","thumbnail_width":300,"thumbnail_height":300,"description":"Dipl\u00f4m\u00e9 de HEC Montr\u00e9al (1974), il est professeur associ\u00e9 \u00e0 l\u2019\u00c9cole depuis 2003. Il est membre du Conseil consultatif international et Fellow invit\u00e9 du CIRANO (Centre interuniversitaire de recherche en analyse des organisations). Fondateur de Batty &amp; Associ\u00e9s, une entreprise &hellip;"}

Alain Batty, Ancien président de Ford Canada - Canada - Institut de Leadership

<blockquote class="wp-embedded-content" data-secret="X8GyHh7fbg"><a href="https://www.institutleadership.ca/montreal/experts/alain-batty/">Alain Batty, Ancien président de Ford Canada</a></blockquote><iframe sandbox="allow-scripts" security="restricted" src="https://www.institutleadership.ca/montreal/experts/alain-batty/embed/#?secret=X8GyHh7fbg" width="600" height="338" title="&laquo; Alain Batty, Ancien président de Ford Canada &raquo; &#8212; Canada - Institut de Leadership" data-secret="X8GyHh7fbg" frameborder="0" marginwidth="0" marginheight="0" scrolling="no" class="wp-embedded-content"></iframe><script type="text/javascript">
/*! This file is auto-generated */
!function(c,d){"use strict";var e=!1,o=!1;if(d.querySelector)if(c.addEventListener)e=!0;if(c.wp=c.wp||{},c.wp.receiveEmbedMessage);else if(c.wp.receiveEmbedMessage=function(e){var t=e.data;if(!t);else if(!(t.secret||t.message||t.value));else if(/[^a-zA-Z0-9]/.test(t.secret));else{for(var r,s,a,i=d.querySelectorAll('iframe[data-secret="'+t.secret+'"]'),n=d.querySelectorAll('blockquote[data-secret="'+t.secret+'"]'),o=new RegExp("^https?:$","i"),l=0;l<n.length;l++)n[l].style.display="none";for(l=0;l<i.length;l++)if(r=i[l],e.source!==r.contentWindow);else{if(r.removeAttribute("style"),"height"===t.message){if(1e3<(s=parseInt(t.value,10)))s=1e3;else if(~~s<200)s=200;r.height=s}if("link"===t.message)if(s=d.createElement("a"),a=d.createElement("a"),s.href=r.getAttribute("src"),a.href=t.value,!o.test(a.protocol));else if(a.host===s.host)if(d.activeElement===r)c.top.location.href=t.value}}},e)c.addEventListener("message",c.wp.receiveEmbedMessage,!1),d.addEventListener("DOMContentLoaded",t,!1),c.addEventListener("load",t,!1);function t(){if(o);else{o=!0;for(var e,t,r,s=-1!==navigator.appVersion.indexOf("MSIE 10"),a=!!navigator.userAgent.match(/Trident.*rv:11\./),i=d.querySelectorAll("iframe.wp-embedded-content"),n=0;n<i.length;n++){if(!(r=(t=i[n]).getAttribute("data-secret")))r=Math.random().toString(36).substr(2,10),t.src+="#?secret="+r,t.setAttribute("data-secret",r);if(s||a)(e=t.cloneNode(!0)).removeAttribute("security"),t.parentNode.replaceChild(e,t);t.contentWindow.postMessage({message:"ready",secret:r},"*")}}}}(window,document);
</script>

Diplômé de HEC Montréal (1974), il est professeur associé à l’École depuis 2003. Il est membre du Conseil consultatif international et Fellow invité du CIRANO (Centre interuniversitaire de recherche en analyse des organisations). Fondateur de Batty &amp; Associés, une entreprise &hellip;
