{"id":15128,"date":"2023-01-30T13:56:49","date_gmt":"2023-01-30T18:56:49","guid":{"rendered":"https:\/\/www.institutleadership.ca\/montreal\/?page_id=15128"},"modified":"2024-09-26T17:14:36","modified_gmt":"2024-09-26T21:14:36","slug":"programme-femmes-leaders-a-995-tarif-regulier-2495","status":"publish","type":"page","link":"https:\/\/www.institutleadership.ca\/montreal\/programme-femmes-leaders-a-995-tarif-regulier-2495\/","title":{"rendered":"Programme Femmes Leaders en ligne ou en pr\u00e9sentiel"},"content":{"rendered":"<p><a href=\"https:\/\/www.institutleadership.ca\/montreal\/wp-content\/uploads\/sites\/7\/2024\/09\/Femmes-Leader-automne-2024-1.jpg\"><img decoding=\"async\" loading=\"lazy\" class=\"alignnone wp-image-16756 size-large\" src=\"https:\/\/www.institutleadership.ca\/montreal\/wp-content\/uploads\/sites\/7\/2024\/09\/Femmes-Leader-automne-2024-1-1024x727.jpg\" alt=\"\" width=\"640\" height=\"454\" srcset=\"https:\/\/www.institutleadership.ca\/montreal\/wp-content\/uploads\/sites\/7\/2024\/09\/Femmes-Leader-automne-2024-1-1024x727.jpg 1024w, https:\/\/www.institutleadership.ca\/montreal\/wp-content\/uploads\/sites\/7\/2024\/09\/Femmes-Leader-automne-2024-1-300x213.jpg 300w, https:\/\/www.institutleadership.ca\/montreal\/wp-content\/uploads\/sites\/7\/2024\/09\/Femmes-Leader-automne-2024-1-768x545.jpg 768w, https:\/\/www.institutleadership.ca\/montreal\/wp-content\/uploads\/sites\/7\/2024\/09\/Femmes-Leader-automne-2024-1-1536x1090.jpg 1536w, https:\/\/www.institutleadership.ca\/montreal\/wp-content\/uploads\/sites\/7\/2024\/09\/Femmes-Leader-automne-2024-1-600x426.jpg 600w, https:\/\/www.institutleadership.ca\/montreal\/wp-content\/uploads\/sites\/7\/2024\/09\/Femmes-Leader-automne-2024-1.jpg 1749w\" sizes=\"(max-width: 640px) 100vw, 640px\" \/><\/a><\/p>\n<h1>Programme Femmes leaders enti\u00e8rement en ligne \u00e0 995 $* (tarif r\u00e9gulier 2 495 $)<\/h1>\n<div>\n<p>&nbsp;<\/p>\n<h3><span style=\"color: #666666; font-family: Roboto;\">SI VOUS D\u00c9SIREZ SUIVRE LE PROGRAMME EN PR\u00c9SENTIEL \u00c0 MONTR\u00c9AL (tarif de 2695$), CLIQUEZ <a href=\"https:\/\/www.institutleadership.ca\/montreal\/programme-femmes-leaders\/\">ICI<\/a>.<\/span><\/h3>\n<p>&nbsp;<\/p>\n<p>Voici les grandes lignes de ce programme \u00e9lite et exclusif aux femmes :<\/p>\n<ul>\n<li><strong>Tarif de 995 $\u00a0 (prix r\u00e9gulier de 2495 $)\u00a0pouvant aller jusqu&#8217;\u00e0 735 $ avec la subvention salariale (260$);<\/strong><\/li>\n<li>Les employ\u00e9es des organismes publics et parapublics ne sont pas admissibles au tarif r\u00e9duit;<\/li>\n<li>Cette formation s&#8217;adresse aux femmes des\u00a0entreprises et organisations situ\u00e9es au Qu\u00e9bec;<\/li>\n<li><strong>Dates :<\/strong> de fin octobre \u00e0 d\u00e9but d\u00e9cembre : diff\u00e9rents horaires selon les groupes;<\/li>\n<li>3 conf\u00e9rences bonus : dates et intervenantes de renom \u00e0 confirmer automne 2024. Le visuel ci-haut est \u00e0 titre d&#8217;exemple.<\/li>\n<li>Th\u00e8mes couverts : \u00eatre la leader que je suis, mettre en pratique ses comp\u00e9tences naturelles de n\u00e9gociatrice, exercer son leadership, saisir les opportunit\u00e9s, communiquer avec influence et confiance, diriger avec courage \u00e9motionnel, etc;<\/li>\n<li>Client\u00e8le cible : Toutes femmes (travailleures autonomes, membres de la direction, gestionnaires, cadres, entrepreneures, postes \u00e0 responsabilit\u00e9)\u00a0 qui d\u00e9sirent s\u2019outiller et s\u2019inspirer dans leur d\u00e9veloppement de carri\u00e8re et personnel.<\/li>\n<li>Courte vid\u00e9o du programme:\u00a0<a href=\"https:\/\/vimeo.com\/377092588?mc_cid=c5aa0cc8c8&amp;mc_eid=UNIQID\" target=\"_blank\" rel=\"noopener\" data-saferedirecturl=\"https:\/\/www.google.com\/url?q=https:\/\/vimeo.com\/377092588?mc_cid%3Dc5aa0cc8c8%26mc_eid%3DUNIQID&amp;source=gmail&amp;ust=1675182790263000&amp;usg=AOvVaw0hfn8Wc34dTVes_w7mtJ0C\">https:\/\/vimeo.com\/<wbr \/>377092588<\/a><\/li>\n<\/ul>\n<p>&nbsp;<\/p>\n<h4><strong>Ce programme est pour l&#8217;ensemble du Qu\u00e9bec et est offert en ligne. Vous pouvez donc vous inscrire selon l&#8217;horaire qui vous convient le mieux.<\/strong><\/h4>\n<\/div>\n<p>&nbsp;<\/p>\n<p><strong>CLIQUEZ SUR L&#8217;HORAIRE DE VOTRE CHOIX POUR VOUS INSCRIRE \u00c0 L&#8217;UN DES GROUPES EN LIGNE (995$) :\u00a0<\/strong><\/p>\n<p>&nbsp;<\/p>\n<ul class=\"ul1\">\n<li class=\"li1\"><a href=\"https:\/\/billetterie.membri365.com\/eventdetails\/contactinformation?chamberid=08834367-8F21-489D-80D6-5114D4357AFA&amp;eventid=eb0d7db4-52e5-ee11-a204-6045bd5d63ed\"><span class=\"s1\"><span class=\"s2\">TOUS LES MARDIS AM (8h30 \u00e0 12h) du 29 octobre au 3 d\u00e9cembre 2024 pour 6 semaines cons\u00e9cutives<\/span><\/span><\/a><\/li>\n<\/ul>\n<p>&nbsp;<\/p>\n<ul class=\"ul1\">\n<li class=\"li1\"><a href=\"https:\/\/rjccq.com\/activites\/femmes-leaders\/\"><span class=\"s1\"><span class=\"s2\">TOUS LES MERCREDIS AM (8h30 \u00e0 12h) du 30 octobre au 4 d\u00e9cembre 2024 pour 6 semaines cons\u00e9cutives<\/span><\/span><\/a><\/li>\n<\/ul>\n<p>&nbsp;<\/p>\n<h4><strong>D\u00e9couvrez nos experts qui offriront les formations :<\/strong><\/h4>\n<p>&nbsp;<\/p>\n<p><a href=\"https:\/\/www.institutleadership.ca\/montreal\/wp-content\/uploads\/sites\/7\/2024\/09\/Experts-femmes-leaders-1.png\"><img decoding=\"async\" loading=\"lazy\" class=\"alignnone size-large wp-image-16764\" src=\"https:\/\/www.institutleadership.ca\/montreal\/wp-content\/uploads\/sites\/7\/2024\/09\/Experts-femmes-leaders-1-1024x727.png\" alt=\"\" width=\"640\" height=\"454\" srcset=\"https:\/\/www.institutleadership.ca\/montreal\/wp-content\/uploads\/sites\/7\/2024\/09\/Experts-femmes-leaders-1-1024x727.png 1024w, https:\/\/www.institutleadership.ca\/montreal\/wp-content\/uploads\/sites\/7\/2024\/09\/Experts-femmes-leaders-1-300x213.png 300w, https:\/\/www.institutleadership.ca\/montreal\/wp-content\/uploads\/sites\/7\/2024\/09\/Experts-femmes-leaders-1-768x545.png 768w, https:\/\/www.institutleadership.ca\/montreal\/wp-content\/uploads\/sites\/7\/2024\/09\/Experts-femmes-leaders-1-1536x1090.png 1536w, https:\/\/www.institutleadership.ca\/montreal\/wp-content\/uploads\/sites\/7\/2024\/09\/Experts-femmes-leaders-1-600x426.png 600w, https:\/\/www.institutleadership.ca\/montreal\/wp-content\/uploads\/sites\/7\/2024\/09\/Experts-femmes-leaders-1.png 1749w\" sizes=\"(max-width: 640px) 100vw, 640px\" \/><\/a><\/p>\n<p><strong>* Voici la\u00a0liste\u00a0des\u00a0entreprises qui ne sont pas\u00a0admissibles\u00a0\u00e0 la\u00a0subvention\u00a0salariale:<\/strong><\/p>\n<ul>\n<li>Les minist\u00e8res et les organismes du gouvernement du Qu\u00e9bec.<\/li>\n<li>Les minist\u00e8res, les organismes et les soci\u00e9t\u00e9s d\u2019\u00c9tat du gouvernement du Canada<\/li>\n<li>Les entreprises ou les organismes financ\u00e9s \u00e0 plus de 50 % par\u00a0des\u00a0fonds publics, \u00e0 l\u2019exception de celles et ceux qui font partie du secteur relevant du Comit\u00e9 sectoriel de main-d\u2019\u0153uvre de l\u2019\u00e9conomie sociale et de l\u2019action communautaire, du Conseil qu\u00e9b\u00e9cois\u00a0des\u00a0ressources humaines en culture (Comp\u00e9tences culture) ainsi que\u00a0des\u00a0centres d\u2019h\u00e9bergement et de soins de longue dur\u00e9e (CHSLD) priv\u00e9s non conventionn\u00e9s.<\/li>\n<li>Les partis ou les associations politiques.<\/li>\n<li>Les municipalit\u00e9s.<\/li>\n<li>Les travailleurs autonomes<\/li>\n<\/ul>\n","protected":false},"excerpt":{"rendered":"<p>Programme Femmes leaders enti\u00e8rement en ligne \u00e0 995 $* (tarif r\u00e9gulier 2 495 $) &nbsp; SI VOUS D\u00c9SIREZ SUIVRE LE PROGRAMME EN PR\u00c9SENTIEL \u00c0 MONTR\u00c9AL (tarif de 2695$), CLIQUEZ ICI. &nbsp; Voici les grandes lignes de ce programme \u00e9lite et &hellip; <\/p>\n","protected":false},"author":17,"featured_media":9663,"parent":0,"menu_order":0,"comment_status":"closed","ping_status":"closed","template":"","meta":{"content-type":""},"yoast_head":"<!-- This site is optimized with the Yoast SEO plugin v20.6 - https:\/\/yoast.com\/wordpress\/plugins\/seo\/ -->\n<title>Programme Femmes Leaders en ligne ou en pr\u00e9sentiel - Canada - Institut de Leadership<\/title>\n<meta name=\"robots\" content=\"index, follow, max-snippet:-1, max-image-preview:large, max-video-preview:-1\" \/>\n<link rel=\"canonical\" href=\"https:\/\/www.institutleadership.ca\/montreal\/programme-femmes-leaders-a-995-tarif-regulier-2495\/\" \/>\n<meta property=\"og:locale\" content=\"fr_CA\" \/>\n<meta property=\"og:type\" content=\"article\" \/>\n<meta property=\"og:title\" content=\"Programme Femmes Leaders en ligne ou en pr\u00e9sentiel - Canada - Institut de Leadership\" \/>\n<meta property=\"og:description\" content=\"Programme Femmes leaders enti\u00e8rement en ligne \u00e0 995 $* (tarif r\u00e9gulier 2 495 $) &nbsp; SI VOUS D\u00c9SIREZ SUIVRE LE PROGRAMME EN PR\u00c9SENTIEL \u00c0 MONTR\u00c9AL (tarif de 2695$), CLIQUEZ ICI. &nbsp; Voici les grandes lignes de ce programme \u00e9lite et &hellip;\" \/>\n<meta property=\"og:url\" content=\"https:\/\/www.institutleadership.ca\/montreal\/programme-femmes-leaders-a-995-tarif-regulier-2495\/\" \/>\n<meta property=\"og:site_name\" content=\"Canada - Institut de Leadership\" \/>\n<meta property=\"article:publisher\" content=\"https:\/\/www.facebook.com\/institutleadership\/\" \/>\n<meta property=\"article:modified_time\" content=\"2024-09-26T21:14:36+00:00\" \/>\n<meta property=\"og:image\" content=\"https:\/\/www.institutleadership.ca\/montreal\/wp-content\/uploads\/sites\/7\/2019\/01\/INSTITUT-DU-LEADER-SHIP-556.jpg\" \/>\n\t<meta property=\"og:image:width\" content=\"960\" \/>\n\t<meta property=\"og:image:height\" content=\"649\" \/>\n\t<meta property=\"og:image:type\" content=\"image\/jpeg\" \/>\n<meta name=\"twitter:card\" content=\"summary_large_image\" \/>\n<meta name=\"twitter:label1\" content=\"Estimation du temps de lecture\" \/>\n\t<meta name=\"twitter:data1\" content=\"3 minutes\" \/>\n<script type=\"application\/ld+json\" class=\"yoast-schema-graph\">{\"@context\":\"https:\/\/schema.org\",\"@graph\":[{\"@type\":\"WebPage\",\"@id\":\"https:\/\/www.institutleadership.ca\/montreal\/programme-femmes-leaders-a-995-tarif-regulier-2495\/\",\"url\":\"https:\/\/www.institutleadership.ca\/montreal\/programme-femmes-leaders-a-995-tarif-regulier-2495\/\",\"name\":\"Programme Femmes Leaders en ligne ou en pr\u00e9sentiel - Canada - Institut de Leadership\",\"isPartOf\":{\"@id\":\"https:\/\/www.institutleadership.ca\/montreal\/#website\"},\"datePublished\":\"2023-01-30T18:56:49+00:00\",\"dateModified\":\"2024-09-26T21:14:36+00:00\",\"breadcrumb\":{\"@id\":\"https:\/\/www.institutleadership.ca\/montreal\/programme-femmes-leaders-a-995-tarif-regulier-2495\/#breadcrumb\"},\"inLanguage\":\"fr-CA\",\"potentialAction\":[{\"@type\":\"ReadAction\",\"target\":[\"https:\/\/www.institutleadership.ca\/montreal\/programme-femmes-leaders-a-995-tarif-regulier-2495\/\"]}]},{\"@type\":\"BreadcrumbList\",\"@id\":\"https:\/\/www.institutleadership.ca\/montreal\/programme-femmes-leaders-a-995-tarif-regulier-2495\/#breadcrumb\",\"itemListElement\":[{\"@type\":\"ListItem\",\"position\":1,\"name\":\"Accueil\",\"item\":\"https:\/\/www.institutleadership.ca\/montreal\/\"},{\"@type\":\"ListItem\",\"position\":2,\"name\":\"Programme Femmes Leaders en ligne ou en pr\u00e9sentiel\"}]},{\"@type\":\"WebSite\",\"@id\":\"https:\/\/www.institutleadership.ca\/montreal\/#website\",\"url\":\"https:\/\/www.institutleadership.ca\/montreal\/\",\"name\":\"Institut de leadership\",\"description\":\"Formations pour cadres et dirigeants\",\"publisher\":{\"@id\":\"https:\/\/www.institutleadership.ca\/montreal\/#organization\"},\"potentialAction\":[{\"@type\":\"SearchAction\",\"target\":{\"@type\":\"EntryPoint\",\"urlTemplate\":\"https:\/\/www.institutleadership.ca\/montreal\/?s={search_term_string}\"},\"query-input\":\"required name=search_term_string\"}],\"inLanguage\":\"fr-CA\"},{\"@type\":\"Organization\",\"@id\":\"https:\/\/www.institutleadership.ca\/montreal\/#organization\",\"name\":\"Institut de leadership\",\"url\":\"https:\/\/www.institutleadership.ca\/montreal\/\",\"logo\":{\"@type\":\"ImageObject\",\"inLanguage\":\"fr-CA\",\"@id\":\"https:\/\/www.institutleadership.ca\/montreal\/#\/schema\/logo\/image\/\",\"url\":\"https:\/\/www.institutleadership.ca\/montreal\/wp-content\/uploads\/sites\/7\/2019\/11\/Logo_Officiel-2-1.jpg\",\"contentUrl\":\"https:\/\/www.institutleadership.ca\/montreal\/wp-content\/uploads\/sites\/7\/2019\/11\/Logo_Officiel-2-1.jpg\",\"width\":2048,\"height\":1024,\"caption\":\"Institut de leadership\"},\"image\":{\"@id\":\"https:\/\/www.institutleadership.ca\/montreal\/#\/schema\/logo\/image\/\"},\"sameAs\":[\"https:\/\/www.facebook.com\/institutleadership\/\",\"https:\/\/www.linkedin.com\/school\/5305840\"]}]}<\/script>\n<!-- \/ Yoast SEO plugin. -->","yoast_head_json":{"title":"Programme Femmes Leaders en ligne ou en pr\u00e9sentiel - Canada - Institut de Leadership","robots":{"index":"index","follow":"follow","max-snippet":"max-snippet:-1","max-image-preview":"max-image-preview:large","max-video-preview":"max-video-preview:-1"},"canonical":"https:\/\/www.institutleadership.ca\/montreal\/programme-femmes-leaders-a-995-tarif-regulier-2495\/","og_locale":"fr_CA","og_type":"article","og_title":"Programme Femmes Leaders en ligne ou en pr\u00e9sentiel - Canada - Institut de Leadership","og_description":"Programme Femmes leaders enti\u00e8rement en ligne \u00e0 995 $* (tarif r\u00e9gulier 2 495 $) &nbsp; SI VOUS D\u00c9SIREZ SUIVRE LE PROGRAMME EN PR\u00c9SENTIEL \u00c0 MONTR\u00c9AL (tarif de 2695$), CLIQUEZ ICI. &nbsp; Voici les grandes lignes de ce programme \u00e9lite et &hellip;","og_url":"https:\/\/www.institutleadership.ca\/montreal\/programme-femmes-leaders-a-995-tarif-regulier-2495\/","og_site_name":"Canada - Institut de Leadership","article_publisher":"https:\/\/www.facebook.com\/institutleadership\/","article_modified_time":"2024-09-26T21:14:36+00:00","og_image":[{"width":960,"height":649,"url":"https:\/\/www.institutleadership.ca\/montreal\/wp-content\/uploads\/sites\/7\/2019\/01\/INSTITUT-DU-LEADER-SHIP-556.jpg","type":"image\/jpeg"}],"twitter_card":"summary_large_image","twitter_misc":{"Estimation du temps de lecture":"3 minutes"},"schema":{"@context":"https:\/\/schema.org","@graph":[{"@type":"WebPage","@id":"https:\/\/www.institutleadership.ca\/montreal\/programme-femmes-leaders-a-995-tarif-regulier-2495\/","url":"https:\/\/www.institutleadership.ca\/montreal\/programme-femmes-leaders-a-995-tarif-regulier-2495\/","name":"Programme Femmes Leaders en ligne ou en pr\u00e9sentiel - Canada - Institut de Leadership","isPartOf":{"@id":"https:\/\/www.institutleadership.ca\/montreal\/#website"},"datePublished":"2023-01-30T18:56:49+00:00","dateModified":"2024-09-26T21:14:36+00:00","breadcrumb":{"@id":"https:\/\/www.institutleadership.ca\/montreal\/programme-femmes-leaders-a-995-tarif-regulier-2495\/#breadcrumb"},"inLanguage":"fr-CA","potentialAction":[{"@type":"ReadAction","target":["https:\/\/www.institutleadership.ca\/montreal\/programme-femmes-leaders-a-995-tarif-regulier-2495\/"]}]},{"@type":"BreadcrumbList","@id":"https:\/\/www.institutleadership.ca\/montreal\/programme-femmes-leaders-a-995-tarif-regulier-2495\/#breadcrumb","itemListElement":[{"@type":"ListItem","position":1,"name":"Accueil","item":"https:\/\/www.institutleadership.ca\/montreal\/"},{"@type":"ListItem","position":2,"name":"Programme Femmes Leaders en ligne ou en pr\u00e9sentiel"}]},{"@type":"WebSite","@id":"https:\/\/www.institutleadership.ca\/montreal\/#website","url":"https:\/\/www.institutleadership.ca\/montreal\/","name":"Institut de leadership","description":"Formations pour cadres et dirigeants","publisher":{"@id":"https:\/\/www.institutleadership.ca\/montreal\/#organization"},"potentialAction":[{"@type":"SearchAction","target":{"@type":"EntryPoint","urlTemplate":"https:\/\/www.institutleadership.ca\/montreal\/?s={search_term_string}"},"query-input":"required name=search_term_string"}],"inLanguage":"fr-CA"},{"@type":"Organization","@id":"https:\/\/www.institutleadership.ca\/montreal\/#organization","name":"Institut de leadership","url":"https:\/\/www.institutleadership.ca\/montreal\/","logo":{"@type":"ImageObject","inLanguage":"fr-CA","@id":"https:\/\/www.institutleadership.ca\/montreal\/#\/schema\/logo\/image\/","url":"https:\/\/www.institutleadership.ca\/montreal\/wp-content\/uploads\/sites\/7\/2019\/11\/Logo_Officiel-2-1.jpg","contentUrl":"https:\/\/www.institutleadership.ca\/montreal\/wp-content\/uploads\/sites\/7\/2019\/11\/Logo_Officiel-2-1.jpg","width":2048,"height":1024,"caption":"Institut de leadership"},"image":{"@id":"https:\/\/www.institutleadership.ca\/montreal\/#\/schema\/logo\/image\/"},"sameAs":["https:\/\/www.facebook.com\/institutleadership\/","https:\/\/www.linkedin.com\/school\/5305840"]}]}},"_links":{"self":[{"href":"https:\/\/www.institutleadership.ca\/montreal\/wp-json\/wp\/v2\/pages\/15128"}],"collection":[{"href":"https:\/\/www.institutleadership.ca\/montreal\/wp-json\/wp\/v2\/pages"}],"about":[{"href":"https:\/\/www.institutleadership.ca\/montreal\/wp-json\/wp\/v2\/types\/page"}],"author":[{"embeddable":true,"href":"https:\/\/www.institutleadership.ca\/montreal\/wp-json\/wp\/v2\/users\/17"}],"replies":[{"embeddable":true,"href":"https:\/\/www.institutleadership.ca\/montreal\/wp-json\/wp\/v2\/comments?post=15128"}],"version-history":[{"count":80,"href":"https:\/\/www.institutleadership.ca\/montreal\/wp-json\/wp\/v2\/pages\/15128\/revisions"}],"predecessor-version":[{"id":16765,"href":"https:\/\/www.institutleadership.ca\/montreal\/wp-json\/wp\/v2\/pages\/15128\/revisions\/16765"}],"wp:featuredmedia":[{"embeddable":true,"href":"https:\/\/www.institutleadership.ca\/montreal\/wp-json\/wp\/v2\/media\/9663"}],"wp:attachment":[{"href":"https:\/\/www.institutleadership.ca\/montreal\/wp-json\/wp\/v2\/media?parent=15128"}],"curies":[{"name":"wp","href":"https:\/\/api.w.org\/{rel}","templated":true}]}}