{"id":11510,"date":"2025-03-25T16:44:28","date_gmt":"2025-03-25T20:44:28","guid":{"rendered":"https:\/\/www.institutleadership.ca\/paris\/?page_id=11510"},"modified":"2025-03-25T16:46:39","modified_gmt":"2025-03-25T20:46:39","slug":"formations-signatures","status":"publish","type":"page","link":"https:\/\/www.institutleadership.ca\/paris\/formations-signatures\/","title":{"rendered":"Formations Signatures"},"content":{"rendered":"<h3>Profiter d&#8217;un maximum d&#8217;outils sur un th\u00e8me pr\u00e9cis et bonifier ces apprentissages avec un t\u00e9moignage d&#8217;intervenant de renom.<\/h3>\n<p>&nbsp;<\/p>\n<p><a href=\"https:\/\/www.institutleadership.ca\/montreal\/formations-certifications\/formation-signature-intelligence-artificielle-jeudi-10-avril-de-8h30-a-13h00\/\" target=\"_blank\" rel=\"noopener\"><img decoding=\"async\" loading=\"lazy\" class=\"alignnone size-large wp-image-17001\" src=\"https:\/\/www.institutleadership.ca\/montreal\/wp-content\/uploads\/sites\/7\/2024\/12\/IA-scaled-1024x512.jpg\" alt=\"\" width=\"640\" height=\"320\" \/><\/a><\/p>\n<h3><span class=\"TextRun SCXW46995505 BCX0\" lang=\"FR-CA\" xml:lang=\"FR-CA\" data-contrast=\"auto\"><span class=\"NormalTextRun SCXW46995505 BCX0\">Gestion et leadership \u00e0 l\u2019\u00e8re de l\u2019IA g\u00e9n\u00e9rative : <\/span><\/span>Jeudi 10 avril de 8h30 \u00e0 13h00 <em>(heure de Montr\u00e9al <strong>UTC\/GMT -4)<\/strong><\/em><\/h3>\n<p>Explorez les applications concr\u00e8tes de l&#8217;intelligence artificielle pour optimiser vos strat\u00e9gies de travail lors d\u2019une formation avec Gabriel Tass\u00e9, co-fondateur de Click &amp; Mortar. Profitez \u00e9galement d\u2019un t\u00e9moignage exclusif de Val\u00e9rie Pisano, pr\u00e9sidente et cheffe de la direction de Mila \u2013 Institut qu\u00e9b\u00e9cois d&#8217;intelligence artificielle,\u00a0qui partagera sa vision sur l\u2019avenir de l\u2019IA dans les organisations modernes.<\/p>\n<p><em>Notez que le t\u00e9moignage de Val\u00e9rie Pisano ne sera pas enregistr\u00e9.<\/em><\/p>\n<p><a href=\"https:\/\/www.institutleadership.ca\/montreal\/formations-certifications\/formation-signature-intelligence-artificielle-jeudi-10-avril-de-8h30-a-13h00\/\">Vous d\u00e9sirez en savoir davantage ? Cliquez ici !<\/a><\/p>\n<p>&nbsp;<\/p>\n<p><a href=\"https:\/\/www.institutleadership.ca\/montreal\/formations-certifications\/formation-signature-courage-managerial-jeudi-8-mai-de-8h30-a-13h00\/\" target=\"_blank\" rel=\"noopener\"><img decoding=\"async\" loading=\"lazy\" class=\"alignnone size-large wp-image-17000\" src=\"https:\/\/www.institutleadership.ca\/montreal\/wp-content\/uploads\/sites\/7\/2024\/12\/Courage-managerial-scaled-1024x512.jpg\" alt=\"\" width=\"640\" height=\"320\" \/><\/a><\/p>\n<h3><span class=\"TextRun SCXW46995505 BCX0\" lang=\"FR-CA\" xml:lang=\"FR-CA\" data-contrast=\"auto\"><span class=\"NormalTextRun SCXW46995505 BCX0\"><span class=\"TextRun SCXW4612918 BCX0\" lang=\"FR-CA\" xml:lang=\"FR-CA\" data-contrast=\"auto\"><span class=\"NormalTextRun SCXW4612918 BCX0\">Courage manag\u00e9rial<\/span><\/span> : <\/span><\/span>Jeudi 8 mai de 8h30 \u00e0 13h00 <em>(heure de Montr\u00e9al <strong>UTC\/GMT -4)<\/strong><\/em><\/h3>\n<p>Plongez dans l&#8217;art de cultiver le courage manag\u00e9rial, une comp\u00e9tence essentielle pour naviguer dans les d\u00e9fis du leadership moderne. D\u00e9couvrez comment transformer vos peurs en leviers de r\u00e9ussite et prendre des d\u00e9cisions audacieuses, tout en inspirant vos \u00e9quipes. Laissez-vous guider par Andr\u00e9anne Quintal, entrepreneure visionnaire, athl\u00e8te de haut niveau, artiste de cirque et fondatrice de Spicy Circus, qui partagera ses strat\u00e9gies pour allier audace et r\u00e9silience. <span class=\"OYPEnA font-feature-liga-off font-feature-clig-off font-feature-calt-off text-decoration-none text-strikethrough-none\">\u00c9coutez \u00e9galement <\/span>un t\u00e9moignage exclusif de Kim Thuy, \u00e9crivaine, sur le courage et la r\u00e9silience.<\/p>\n<p><em>Notez que le t\u00e9moignage de Kim Thuy ne sera pas enregistr\u00e9.<\/em><\/p>\n<p><a href=\"https:\/\/www.institutleadership.ca\/montreal\/formations-certifications\/formation-signature-courage-managerial-jeudi-8-mai-de-8h30-a-13h00\/\">Vous d\u00e9sirez en savoir davantage ? Cliquez ici !<\/a><\/p>\n<p>&nbsp;<\/p>\n<p><em>* Les rediffusions des formations seront disponibles pendant 72 heures sur demande. Les conf\u00e9rences ne seront pas enregistr\u00e9es.<\/em><\/p>\n","protected":false},"excerpt":{"rendered":"<p>Profiter d&#8217;un maximum d&#8217;outils sur un th\u00e8me pr\u00e9cis et bonifier ces apprentissages avec un t\u00e9moignage d&#8217;intervenant de renom. &nbsp; Gestion et leadership \u00e0 l\u2019\u00e8re de l\u2019IA g\u00e9n\u00e9rative : Jeudi 10 avril de 8h30 \u00e0 13h00 (heure de Montr\u00e9al UTC\/GMT -4) &hellip; <\/p>\n","protected":false},"author":17,"featured_media":0,"parent":0,"menu_order":0,"comment_status":"closed","ping_status":"closed","template":"","meta":{"content-type":"","_mi_skip_tracking":false},"yoast_head":"<!-- This site is optimized with the Yoast SEO plugin v20.6 - https:\/\/yoast.com\/wordpress\/plugins\/seo\/ -->\n<title>Formations Signatures - France - Institut de Leadership<\/title>\n<meta name=\"robots\" content=\"index, follow, max-snippet:-1, max-image-preview:large, max-video-preview:-1\" \/>\n<link rel=\"canonical\" href=\"https:\/\/www.institutleadership.ca\/paris\/formations-signatures\/\" \/>\n<meta property=\"og:locale\" content=\"fr_CA\" \/>\n<meta property=\"og:type\" content=\"article\" \/>\n<meta property=\"og:title\" content=\"Formations Signatures - France - Institut de Leadership\" \/>\n<meta property=\"og:description\" content=\"Profiter d&#8217;un maximum d&#8217;outils sur un th\u00e8me pr\u00e9cis et bonifier ces apprentissages avec un t\u00e9moignage d&#8217;intervenant de renom. &nbsp; Gestion et leadership \u00e0 l\u2019\u00e8re de l\u2019IA g\u00e9n\u00e9rative : Jeudi 10 avril de 8h30 \u00e0 13h00 (heure de Montr\u00e9al UTC\/GMT -4) &hellip;\" \/>\n<meta property=\"og:url\" content=\"https:\/\/www.institutleadership.ca\/paris\/formations-signatures\/\" \/>\n<meta property=\"og:site_name\" content=\"France - Institut de Leadership\" \/>\n<meta property=\"article:modified_time\" content=\"2025-03-25T20:46:39+00:00\" \/>\n<meta property=\"og:image\" content=\"https:\/\/www.institutleadership.ca\/montreal\/wp-content\/uploads\/sites\/7\/2024\/12\/IA-scaled-1024x512.jpg\" \/>\n<meta name=\"twitter:card\" content=\"summary_large_image\" \/>\n<meta name=\"twitter:label1\" content=\"Estimation du temps de lecture\" \/>\n\t<meta name=\"twitter:data1\" content=\"2 minutes\" \/>\n<script type=\"application\/ld+json\" class=\"yoast-schema-graph\">{\"@context\":\"https:\/\/schema.org\",\"@graph\":[{\"@type\":\"WebPage\",\"@id\":\"https:\/\/www.institutleadership.ca\/paris\/formations-signatures\/\",\"url\":\"https:\/\/www.institutleadership.ca\/paris\/formations-signatures\/\",\"name\":\"Formations Signatures - France - Institut de Leadership\",\"isPartOf\":{\"@id\":\"https:\/\/www.institutleadership.ca\/paris\/#website\"},\"datePublished\":\"2025-03-25T20:44:28+00:00\",\"dateModified\":\"2025-03-25T20:46:39+00:00\",\"breadcrumb\":{\"@id\":\"https:\/\/www.institutleadership.ca\/paris\/formations-signatures\/#breadcrumb\"},\"inLanguage\":\"fr-CA\",\"potentialAction\":[{\"@type\":\"ReadAction\",\"target\":[\"https:\/\/www.institutleadership.ca\/paris\/formations-signatures\/\"]}]},{\"@type\":\"BreadcrumbList\",\"@id\":\"https:\/\/www.institutleadership.ca\/paris\/formations-signatures\/#breadcrumb\",\"itemListElement\":[{\"@type\":\"ListItem\",\"position\":1,\"name\":\"Accueil\",\"item\":\"https:\/\/www.institutleadership.ca\/paris\/\"},{\"@type\":\"ListItem\",\"position\":2,\"name\":\"Formations Signatures\"}]},{\"@type\":\"WebSite\",\"@id\":\"https:\/\/www.institutleadership.ca\/paris\/#website\",\"url\":\"https:\/\/www.institutleadership.ca\/paris\/\",\"name\":\"France - Institut de Leadership\",\"description\":\"Formations pour cadres et dirigeants\",\"potentialAction\":[{\"@type\":\"SearchAction\",\"target\":{\"@type\":\"EntryPoint\",\"urlTemplate\":\"https:\/\/www.institutleadership.ca\/paris\/?s={search_term_string}\"},\"query-input\":\"required name=search_term_string\"}],\"inLanguage\":\"fr-CA\"}]}<\/script>\n<!-- \/ Yoast SEO plugin. -->","yoast_head_json":{"title":"Formations Signatures - France - Institut de Leadership","robots":{"index":"index","follow":"follow","max-snippet":"max-snippet:-1","max-image-preview":"max-image-preview:large","max-video-preview":"max-video-preview:-1"},"canonical":"https:\/\/www.institutleadership.ca\/paris\/formations-signatures\/","og_locale":"fr_CA","og_type":"article","og_title":"Formations Signatures - France - Institut de Leadership","og_description":"Profiter d&#8217;un maximum d&#8217;outils sur un th\u00e8me pr\u00e9cis et bonifier ces apprentissages avec un t\u00e9moignage d&#8217;intervenant de renom. &nbsp; Gestion et leadership \u00e0 l\u2019\u00e8re de l\u2019IA g\u00e9n\u00e9rative : Jeudi 10 avril de 8h30 \u00e0 13h00 (heure de Montr\u00e9al UTC\/GMT -4) &hellip;","og_url":"https:\/\/www.institutleadership.ca\/paris\/formations-signatures\/","og_site_name":"France - Institut de Leadership","article_modified_time":"2025-03-25T20:46:39+00:00","og_image":[{"url":"https:\/\/www.institutleadership.ca\/montreal\/wp-content\/uploads\/sites\/7\/2024\/12\/IA-scaled-1024x512.jpg"}],"twitter_card":"summary_large_image","twitter_misc":{"Estimation du temps de lecture":"2 minutes"},"schema":{"@context":"https:\/\/schema.org","@graph":[{"@type":"WebPage","@id":"https:\/\/www.institutleadership.ca\/paris\/formations-signatures\/","url":"https:\/\/www.institutleadership.ca\/paris\/formations-signatures\/","name":"Formations Signatures - France - Institut de Leadership","isPartOf":{"@id":"https:\/\/www.institutleadership.ca\/paris\/#website"},"datePublished":"2025-03-25T20:44:28+00:00","dateModified":"2025-03-25T20:46:39+00:00","breadcrumb":{"@id":"https:\/\/www.institutleadership.ca\/paris\/formations-signatures\/#breadcrumb"},"inLanguage":"fr-CA","potentialAction":[{"@type":"ReadAction","target":["https:\/\/www.institutleadership.ca\/paris\/formations-signatures\/"]}]},{"@type":"BreadcrumbList","@id":"https:\/\/www.institutleadership.ca\/paris\/formations-signatures\/#breadcrumb","itemListElement":[{"@type":"ListItem","position":1,"name":"Accueil","item":"https:\/\/www.institutleadership.ca\/paris\/"},{"@type":"ListItem","position":2,"name":"Formations Signatures"}]},{"@type":"WebSite","@id":"https:\/\/www.institutleadership.ca\/paris\/#website","url":"https:\/\/www.institutleadership.ca\/paris\/","name":"France - Institut de Leadership","description":"Formations pour cadres et dirigeants","potentialAction":[{"@type":"SearchAction","target":{"@type":"EntryPoint","urlTemplate":"https:\/\/www.institutleadership.ca\/paris\/?s={search_term_string}"},"query-input":"required name=search_term_string"}],"inLanguage":"fr-CA"}]}},"_links":{"self":[{"href":"https:\/\/www.institutleadership.ca\/paris\/wp-json\/wp\/v2\/pages\/11510"}],"collection":[{"href":"https:\/\/www.institutleadership.ca\/paris\/wp-json\/wp\/v2\/pages"}],"about":[{"href":"https:\/\/www.institutleadership.ca\/paris\/wp-json\/wp\/v2\/types\/page"}],"author":[{"embeddable":true,"href":"https:\/\/www.institutleadership.ca\/paris\/wp-json\/wp\/v2\/users\/17"}],"replies":[{"embeddable":true,"href":"https:\/\/www.institutleadership.ca\/paris\/wp-json\/wp\/v2\/comments?post=11510"}],"version-history":[{"count":1,"href":"https:\/\/www.institutleadership.ca\/paris\/wp-json\/wp\/v2\/pages\/11510\/revisions"}],"predecessor-version":[{"id":11511,"href":"https:\/\/www.institutleadership.ca\/paris\/wp-json\/wp\/v2\/pages\/11510\/revisions\/11511"}],"wp:attachment":[{"href":"https:\/\/www.institutleadership.ca\/paris\/wp-json\/wp\/v2\/media?parent=11510"}],"curies":[{"name":"wp","href":"https:\/\/api.w.org\/{rel}","templated":true}]}}

<h3>Profiter d&#8217;un maximum d&#8217;outils sur un thème précis et bonifier ces apprentissages avec un témoignage d&#8217;intervenant de renom.</h3>
<p>&nbsp;</p>
<p><a href="https://www.institutleadership.ca/montreal/formations-certifications/formation-signature-intelligence-artificielle-jeudi-10-avril-de-8h30-a-13h00/" target="_blank" rel="noopener"><img decoding="async" loading="lazy" class="alignnone size-large wp-image-17001" src="https://www.institutleadership.ca/montreal/wp-content/uploads/sites/7/2024/12/IA-scaled-1024x512.jpg" alt="" width="640" height="320" /></a></p>
<h3><span class="TextRun SCXW46995505 BCX0" lang="FR-CA" xml:lang="FR-CA" data-contrast="auto"><span class="NormalTextRun SCXW46995505 BCX0">Gestion et leadership à l’ère de l’IA générative : </span></span>Jeudi 10 avril de 8h30 à 13h00 <em>(heure de Montréal <strong>UTC/GMT -4)</strong></em></h3>
<p>Explorez les applications concrètes de l&#8217;intelligence artificielle pour optimiser vos stratégies de travail lors d’une formation avec Gabriel Tassé, co-fondateur de Click &amp; Mortar. Profitez également d’un témoignage exclusif de Valérie Pisano, présidente et cheffe de la direction de Mila – Institut québécois d&#8217;intelligence artificielle, qui partagera sa vision sur l’avenir de l’IA dans les organisations modernes.</p>
<p><em>Notez que le témoignage de Valérie Pisano ne sera pas enregistré.</em></p>
<p><a href="https://www.institutleadership.ca/montreal/formations-certifications/formation-signature-intelligence-artificielle-jeudi-10-avril-de-8h30-a-13h00/">Vous désirez en savoir davantage ? Cliquez ici !</a></p>
<p>&nbsp;</p>
<p><a href="https://www.institutleadership.ca/montreal/formations-certifications/formation-signature-courage-managerial-jeudi-8-mai-de-8h30-a-13h00/" target="_blank" rel="noopener"><img decoding="async" loading="lazy" class="alignnone size-large wp-image-17000" src="https://www.institutleadership.ca/montreal/wp-content/uploads/sites/7/2024/12/Courage-managerial-scaled-1024x512.jpg" alt="" width="640" height="320" /></a></p>
<h3><span class="TextRun SCXW46995505 BCX0" lang="FR-CA" xml:lang="FR-CA" data-contrast="auto"><span class="NormalTextRun SCXW46995505 BCX0"><span class="TextRun SCXW4612918 BCX0" lang="FR-CA" xml:lang="FR-CA" data-contrast="auto"><span class="NormalTextRun SCXW4612918 BCX0">Courage managérial</span></span> : </span></span>Jeudi 8 mai de 8h30 à 13h00 <em>(heure de Montréal <strong>UTC/GMT -4)</strong></em></h3>
<p>Plongez dans l&#8217;art de cultiver le courage managérial, une compétence essentielle pour naviguer dans les défis du leadership moderne. Découvrez comment transformer vos peurs en leviers de réussite et prendre des décisions audacieuses, tout en inspirant vos équipes. Laissez-vous guider par Andréanne Quintal, entrepreneure visionnaire, athlète de haut niveau, artiste de cirque et fondatrice de Spicy Circus, qui partagera ses stratégies pour allier audace et résilience. <span class="OYPEnA font-feature-liga-off font-feature-clig-off font-feature-calt-off text-decoration-none text-strikethrough-none">Écoutez également </span>un témoignage exclusif de Kim Thuy, écrivaine, sur le courage et la résilience.</p>
<p><em>Notez que le témoignage de Kim Thuy ne sera pas enregistré.</em></p>
<p><a href="https://www.institutleadership.ca/montreal/formations-certifications/formation-signature-courage-managerial-jeudi-8-mai-de-8h30-a-13h00/">Vous désirez en savoir davantage ? Cliquez ici !</a></p>
<p>&nbsp;</p>
<p><em>* Les rediffusions des formations seront disponibles pendant 72 heures sur demande. Les conférences ne seront pas enregistrées.</em></p>

<p>Profiter d&#8217;un maximum d&#8217;outils sur un thème précis et bonifier ces apprentissages avec un témoignage d&#8217;intervenant de renom. &nbsp; Gestion et leadership à l’ère de l’IA générative : Jeudi 10 avril de 8h30 à 13h00 (heure de Montréal UTC/GMT -4) &hellip; </p>

<!-- This site is optimized with the Yoast SEO plugin v20.6 - https://yoast.com/wordpress/plugins/seo/ -->
<title>Formations Signatures - France - Institut de Leadership</title>
<meta name="robots" content="index, follow, max-snippet:-1, max-image-preview:large, max-video-preview:-1" />
<link rel="canonical" href="https://www.institutleadership.ca/paris/formations-signatures/" />
<meta property="og:locale" content="fr_CA" />
<meta property="og:type" content="article" />
<meta property="og:title" content="Formations Signatures - France - Institut de Leadership" />
<meta property="og:description" content="Profiter d&#8217;un maximum d&#8217;outils sur un thème précis et bonifier ces apprentissages avec un témoignage d&#8217;intervenant de renom. &nbsp; Gestion et leadership à l’ère de l’IA générative : Jeudi 10 avril de 8h30 à 13h00 (heure de Montréal UTC/GMT -4) &hellip;" />
<meta property="og:url" content="https://www.institutleadership.ca/paris/formations-signatures/" />
<meta property="og:site_name" content="France - Institut de Leadership" />
<meta property="article:modified_time" content="2025-03-25T20:46:39+00:00" />
<meta property="og:image" content="https://www.institutleadership.ca/montreal/wp-content/uploads/sites/7/2024/12/IA-scaled-1024x512.jpg" />
<meta name="twitter:card" content="summary_large_image" />
<meta name="twitter:label1" content="Estimation du temps de lecture" />
	<meta name="twitter:data1" content="2 minutes" />
<script type="application/ld+json" class="yoast-schema-graph">{"@context":"https://schema.org","@graph":[{"@type":"WebPage","@id":"https://www.institutleadership.ca/paris/formations-signatures/","url":"https://www.institutleadership.ca/paris/formations-signatures/","name":"Formations Signatures - France - Institut de Leadership","isPartOf":{"@id":"https://www.institutleadership.ca/paris/#website"},"datePublished":"2025-03-25T20:44:28+00:00","dateModified":"2025-03-25T20:46:39+00:00","breadcrumb":{"@id":"https://www.institutleadership.ca/paris/formations-signatures/#breadcrumb"},"inLanguage":"fr-CA","potentialAction":[{"@type":"ReadAction","target":["https://www.institutleadership.ca/paris/formations-signatures/"]}]},{"@type":"BreadcrumbList","@id":"https://www.institutleadership.ca/paris/formations-signatures/#breadcrumb","itemListElement":[{"@type":"ListItem","position":1,"name":"Accueil","item":"https://www.institutleadership.ca/paris/"},{"@type":"ListItem","position":2,"name":"Formations Signatures"}]},{"@type":"WebSite","@id":"https://www.institutleadership.ca/paris/#website","url":"https://www.institutleadership.ca/paris/","name":"France - Institut de Leadership","description":"Formations pour cadres et dirigeants","potentialAction":[{"@type":"SearchAction","target":{"@type":"EntryPoint","urlTemplate":"https://www.institutleadership.ca/paris/?s={search_term_string}"},"query-input":"required name=search_term_string"}],"inLanguage":"fr-CA"}]}</script>
<!-- / Yoast SEO plugin. -->

Profiter d&#8217;un maximum d&#8217;outils sur un thème précis et bonifier ces apprentissages avec un témoignage d&#8217;intervenant de renom. &nbsp; Gestion et leadership à l’ère de l’IA générative : Jeudi 10 avril de 8h30 à 13h00 (heure de Montréal UTC/GMT -4) &hellip;
