{"id":11528,"date":"2025-04-04T09:53:55","date_gmt":"2025-04-04T13:53:55","guid":{"rendered":"https:\/\/www.institutleadership.ca\/paris\/?page_id=11528"},"modified":"2026-02-02T16:54:44","modified_gmt":"2026-02-02T21:54:44","slug":"certification-en-gestion-de-transfert-dentreprise","status":"publish","type":"page","link":"https:\/\/www.institutleadership.ca\/paris\/certification-en-gestion-de-transfert-dentreprise\/","title":{"rendered":"Certification en gestion de transfert d\u2019entreprise"},"content":{"rendered":"<p><iframe loading=\"lazy\" title=\"Certification en gestion de transfert d\u2019entreprise\" src=\"https:\/\/player.vimeo.com\/video\/810969099?dnt=1&amp;app_id=122963\" width=\"640\" height=\"360\" frameborder=\"0\" allow=\"autoplay; fullscreen; picture-in-picture; clipboard-write; encrypted-media; web-share\" referrerpolicy=\"strict-origin-when-cross-origin\"><\/iframe><\/p>\n<p>Nous savons qu\u2019un transfert d\u2019entreprise va bien au-del\u00e0 de la transaction financi\u00e8re. C\u2019est pourquoi l\u2019Institut de leadership, de concert avec le Centre de transfert d\u2019entreprise du Qu\u00e9bec (CTEQ) ont lanc\u00e9 la premi\u00e8re certification canadienne en gestion de transfert d\u2019entreprise, couvrant tout autant le processus que le volet humain d\u2019un transfert.<\/p>\n<p>Notre certification est destin\u00e9e \u00e0 toute personne qui intervient de pr\u00e8s ou de loin dans le transfert d\u2019une entreprise.\u00a0 Le but \u00e9tant de leur permettre d\u2019avoir une perspective globale et d\u2019en maximiser le succ\u00e8s.<\/p>\n<p>Le Centre de transfert d\u2019entreprise du Qu\u00e9bec a pour mission de traiter l\u2019enjeu de la rel\u00e8ve des dirigeants, de la valorisation et du transfert d\u2019entreprise. Le CTEQ accompagne les c\u00e9dants et les repreneurs sur l\u2019ensemble du processus, afin d\u2019en assurer la qualit\u00e9 et l\u2019int\u00e9grit\u00e9, de favoriser la p\u00e9rennit\u00e9 des entreprises et de participer positivement au bilan entrepreneurial du Qu\u00e9bec.<\/p>\n<p>&nbsp;<\/p>\n<p><a href=\"https:\/\/www.institutleadership.ca\/montreal\/wp-content\/uploads\/sites\/7\/2023\/09\/CTEQ_Logo_avec_descripteur_RVB-scaled.jpg\"><img decoding=\"async\" loading=\"lazy\" class=\"alignnone wp-image-15643 size-medium\" src=\"https:\/\/www.institutleadership.ca\/montreal\/wp-content\/uploads\/sites\/7\/2023\/09\/CTEQ_Logo_avec_descripteur_RVB-scaled-300x97.jpg\" alt=\"\" width=\"300\" height=\"97\" \/><\/a><\/p>\n<p>&nbsp;<\/p>\n<h3>\u00c0 QUI S&#8217;ADRESSE LA CERTIFICATION ?<\/h3>\n<p>Notre Certification est destin\u00e9e \u00e0 toute personne qui intervient de pr\u00e8s ou de loin dans le transfert d\u2019une entreprise, plus particuli\u00e8rement les professionnels \u2013 comptable, avocat, fiscaliste, consultant, etc.<\/p>\n<p>&nbsp;<\/p>\n<p>La certification permet de d\u00e9velopper une compr\u00e9hension plus globale des diff\u00e9rents contextes et enjeux qui influent sur la d\u00e9marche. Ces experts, dans leurs domaines respectifs, deviennent des professionnels mieux outill\u00e9s et sont amen\u00e9s \u00e0 int\u00e9grer une vision qui les sensibilisent \u00e0 toutes les \u00e9tapes de l\u2019op\u00e9ration.<\/p>\n<p>&nbsp;<\/p>\n<h3>DESCRIPTION DES MODULES DE LA CERTIFICATION<\/h3>\n<h4><strong>Module 1 :\u00a0<\/strong><em>Introduction: les diff\u00e9rents contextes, leurs enjeux et les facteurs de succ\u00e8s d\u2019un transfert<\/em><\/h4>\n<ul>\n<li>Les \u00e9tapes d\u2019un transfert;<\/li>\n<li>Plan de transfert et \u00e9ch\u00e9ancier;<\/li>\n<li>La synergie des acteurs;<\/li>\n<li>Se positionner comme conseiller aupr\u00e8s des c\u00e9dants et repreneurs;<\/li>\n<li>La planification strat\u00e9gique et la gouvernance<\/li>\n<\/ul>\n<p>&nbsp;<\/p>\n<h4><strong>Module 2<\/strong>\u00a0:\u00a0<em>L\u2019accompagnement des c\u00e9dants et des repreneurs<\/em><\/h4>\n<p><strong>La relation c\u00e9dant-repreneur :<\/strong><\/p>\n<ul>\n<li>Leurs r\u00f4les respectifs dans le transfert, leur relation;<\/li>\n<li>Organiser le transfert des connaissances (savoir-faire et savoir-\u00eatre) dans un contexte de p\u00e9rennit\u00e9;<\/li>\n<li>Le transfert des pouvoirs: plan de sortie du c\u00e9dant et la prise en charge du repreneur.<\/li>\n<\/ul>\n<p><strong>C\u00e9dants:<\/strong><\/p>\n<ul>\n<li>Parties prenantes: les 3 cercles;<\/li>\n<li>Partir pour les bonnes raisons;<\/li>\n<li>Les valeurs importantes de la transaction;<\/li>\n<li>Phases de transition du c\u00e9dant.<\/li>\n<\/ul>\n<p><strong>Repreneurs:<\/strong><\/p>\n<ul>\n<li>Une nouvelle passion : acqu\u00e9rir pour les bonnes raisons;<\/li>\n<li>\u00c9tablir la vision et les objectifs de l\u2019acquisition;<\/li>\n<li>Pr\u00e9parer son arriv\u00e9e.<\/li>\n<li>L\u2019essentiel des aspect financiers<\/li>\n<\/ul>\n<p>&nbsp;<\/p>\n<h4><strong>Module 3<\/strong>\u00a0:\u00a0<em>La gestion post-transaction<\/em><\/h4>\n<ul>\n<li>G\u00e9rer la transition<\/li>\n<li>La gestion du changement<\/li>\n<li>La cr\u00e9ation de valeur<\/li>\n<\/ul>\n<p>&nbsp;<\/p>\n<h4><b>Travail d\u2019int\u00e9gration<\/b><\/h4>\n<p><span class=\"il\">Un<\/span>\u00a0<span class=\"il\">travail<\/span>\u00a0<span class=\"il\">d<\/span>\u2019<span class=\"il\">int\u00e9gration<\/span>\u00a0est obligatoire \u00e0 l\u2019obtention de la Certification. Ce\u00a0<span class=\"il\">travail<\/span>\u00a0est \u00e0 faire \u00e0 la suite\u00a0de la formation. Vous aurez 3 semaines pour le compl\u00e9ter. Il s&#8217;agit\u00a0<span class=\"il\">d<\/span>&#8216;une r\u00e9flexion personnelle, l\u2019objectif est de faire le lien entre les apprentissages vus en formation et votre r\u00e9alit\u00e9 \u00e0 titre de gestionnaire dans votre organisation.<\/p>\n<p><a href=\"https:\/\/www.institutleadership.ca\/montreal\/wp-content\/uploads\/sites\/7\/2014\/10\/DIPLOME-CTEQ-INSTITUT-LEADERSHIP.png\"><img decoding=\"async\" loading=\"lazy\" class=\"alignnone wp-image-16275 size-medium\" src=\"https:\/\/www.institutleadership.ca\/montreal\/wp-content\/uploads\/sites\/7\/2014\/10\/DIPLOME-CTEQ-INSTITUT-LEADERSHIP-300x300.png\" alt=\"\" width=\"300\" height=\"300\" \/><\/a><\/p>\n<h3><strong>TARIFS, DATES ET INSCRIPTION<\/strong><\/h3>\n<p>Vous trouverez, ci-apr\u00e8s, les dates des prochaines cohortes pour la Certification en gestion de transfert d&#8217;entreprise. Cliquez sur le moment de votre choix pour acc\u00e9der \u00e0 tous les d\u00e9tails et pour vous y inscrire.<\/p>\n<h4><strong>Formation en pr\u00e9sentiel \u00e0 Montr\u00e9al : 5995$ + taxes\u00a0<\/strong><\/h4>\n<ul>\n<li><a href=\"https:\/\/www.institutleadership.ca\/montreal\/formations-certifications\/presentiel-certification-en-gestion-de-transfert-dentreprise-automne-2026\/\" target=\"_blank\" rel=\"noopener\">Automne 2026 : 11, 12, 13 et 25, 26, 27 novembre de 8h30 \u00e0 17h30<\/a><\/li>\n<\/ul>\n<p>&nbsp;<\/p>\n<p>Les journ\u00e9es de formation sont admissibles \u00e0 la loi du 1 % pour la formation de la main d\u2019\u0153uvre. De plus, vous avez la possibilit\u00e9 d\u2019acc\u00e9der \u00e0 d\u2019autres financements. Pour cela, renseignez-vous directement aupr\u00e8s d\u2019Emploi Qu\u00e9bec de votre r\u00e9gion.<\/p>\n<p>Des rabais sont offerts aux\u00a0organismes \u00e0 but non lucratif \u00a0(15%) et gouvernementaux (10%). <a href=\"https:\/\/www.institutleadership.ca\/montreal\/contact\/\">Contactez-nous<\/a> pour plus de d\u00e9tails.<\/p>\n<div>\n<p>Des tarifs avantageux sont aussi offerts lorsque trois participants ou plus, provenant d\u2019une m\u00eame entreprise, s\u2019inscrivent aux formations. Pour plus de d\u00e9tails, veuillez\u00a0<a href=\"https:\/\/www.institutleadership.ca\/montreal\/contact\/\">communiquer<\/a> avec nous.<\/p>\n<p>&nbsp;<\/p>\n<\/div>\n<p>*Frais d\u2019administration non remboursable (350$) en cas d\u2019annulation pour une inscription provenant d\u2019un pays autre que le Canada n\u00e9cessitant un visa d\u2019entr\u00e9e.<\/p>\n<h4><a href=\"https:\/\/www.institutleadership.ca\/montreal\/wp-content\/uploads\/sites\/7\/2021\/01\/T\u00e9moignages-transfert-site-web-.pdf\" target=\"_blank\" rel=\"noopener\">Cliquez ici pour lire quelques t\u00e9moignages du programme<\/a><\/h4>\n<p>&nbsp;<\/p>\n","protected":false},"excerpt":{"rendered":"<p>Nous savons qu\u2019un transfert d\u2019entreprise va bien au-del\u00e0 de la transaction financi\u00e8re. C\u2019est pourquoi l\u2019Institut de leadership, de concert avec le Centre de transfert d\u2019entreprise du Qu\u00e9bec (CTEQ) ont lanc\u00e9 la premi\u00e8re certification canadienne en gestion de transfert d\u2019entreprise, couvrant &hellip; <\/p>\n","protected":false},"author":17,"featured_media":0,"parent":0,"menu_order":0,"comment_status":"closed","ping_status":"closed","template":"","meta":{"content-type":"","_mi_skip_tracking":false},"yoast_head":"<!-- This site is optimized with the Yoast SEO plugin v20.6 - https:\/\/yoast.com\/wordpress\/plugins\/seo\/ -->\n<title>Certification en gestion de transfert d\u2019entreprise - France - Institut de Leadership<\/title>\n<meta name=\"robots\" content=\"index, follow, max-snippet:-1, max-image-preview:large, max-video-preview:-1\" \/>\n<link rel=\"canonical\" href=\"https:\/\/www.institutleadership.ca\/paris\/certification-en-gestion-de-transfert-dentreprise\/\" \/>\n<meta property=\"og:locale\" content=\"fr_CA\" \/>\n<meta property=\"og:type\" content=\"article\" \/>\n<meta property=\"og:title\" content=\"Certification en gestion de transfert d\u2019entreprise - France - Institut de Leadership\" \/>\n<meta property=\"og:description\" content=\"Nous savons qu\u2019un transfert d\u2019entreprise va bien au-del\u00e0 de la transaction financi\u00e8re. C\u2019est pourquoi l\u2019Institut de leadership, de concert avec le Centre de transfert d\u2019entreprise du Qu\u00e9bec (CTEQ) ont lanc\u00e9 la premi\u00e8re certification canadienne en gestion de transfert d\u2019entreprise, couvrant &hellip;\" \/>\n<meta property=\"og:url\" content=\"https:\/\/www.institutleadership.ca\/paris\/certification-en-gestion-de-transfert-dentreprise\/\" \/>\n<meta property=\"og:site_name\" content=\"France - Institut de Leadership\" \/>\n<meta property=\"article:modified_time\" content=\"2026-02-02T21:54:44+00:00\" \/>\n<meta property=\"og:image\" content=\"https:\/\/www.institutleadership.ca\/montreal\/wp-content\/uploads\/sites\/7\/2023\/09\/CTEQ_Logo_avec_descripteur_RVB-scaled-300x97.jpg\" \/>\n<meta name=\"twitter:card\" content=\"summary_large_image\" \/>\n<meta name=\"twitter:label1\" content=\"Estimation du temps de lecture\" \/>\n\t<meta name=\"twitter:data1\" content=\"4 minutes\" \/>\n<script type=\"application\/ld+json\" class=\"yoast-schema-graph\">{\"@context\":\"https:\/\/schema.org\",\"@graph\":[{\"@type\":\"WebPage\",\"@id\":\"https:\/\/www.institutleadership.ca\/paris\/certification-en-gestion-de-transfert-dentreprise\/\",\"url\":\"https:\/\/www.institutleadership.ca\/paris\/certification-en-gestion-de-transfert-dentreprise\/\",\"name\":\"Certification en gestion de transfert d\u2019entreprise - France - Institut de Leadership\",\"isPartOf\":{\"@id\":\"https:\/\/www.institutleadership.ca\/paris\/#website\"},\"datePublished\":\"2025-04-04T13:53:55+00:00\",\"dateModified\":\"2026-02-02T21:54:44+00:00\",\"breadcrumb\":{\"@id\":\"https:\/\/www.institutleadership.ca\/paris\/certification-en-gestion-de-transfert-dentreprise\/#breadcrumb\"},\"inLanguage\":\"fr-CA\",\"potentialAction\":[{\"@type\":\"ReadAction\",\"target\":[\"https:\/\/www.institutleadership.ca\/paris\/certification-en-gestion-de-transfert-dentreprise\/\"]}]},{\"@type\":\"BreadcrumbList\",\"@id\":\"https:\/\/www.institutleadership.ca\/paris\/certification-en-gestion-de-transfert-dentreprise\/#breadcrumb\",\"itemListElement\":[{\"@type\":\"ListItem\",\"position\":1,\"name\":\"Accueil\",\"item\":\"https:\/\/www.institutleadership.ca\/paris\/\"},{\"@type\":\"ListItem\",\"position\":2,\"name\":\"Certification en gestion de transfert d\u2019entreprise\"}]},{\"@type\":\"WebSite\",\"@id\":\"https:\/\/www.institutleadership.ca\/paris\/#website\",\"url\":\"https:\/\/www.institutleadership.ca\/paris\/\",\"name\":\"France - Institut de Leadership\",\"description\":\"Formations pour cadres et dirigeants\",\"potentialAction\":[{\"@type\":\"SearchAction\",\"target\":{\"@type\":\"EntryPoint\",\"urlTemplate\":\"https:\/\/www.institutleadership.ca\/paris\/?s={search_term_string}\"},\"query-input\":\"required name=search_term_string\"}],\"inLanguage\":\"fr-CA\"}]}<\/script>\n<!-- \/ Yoast SEO plugin. -->","yoast_head_json":{"title":"Certification en gestion de transfert d\u2019entreprise - France - Institut de Leadership","robots":{"index":"index","follow":"follow","max-snippet":"max-snippet:-1","max-image-preview":"max-image-preview:large","max-video-preview":"max-video-preview:-1"},"canonical":"https:\/\/www.institutleadership.ca\/paris\/certification-en-gestion-de-transfert-dentreprise\/","og_locale":"fr_CA","og_type":"article","og_title":"Certification en gestion de transfert d\u2019entreprise - France - Institut de Leadership","og_description":"Nous savons qu\u2019un transfert d\u2019entreprise va bien au-del\u00e0 de la transaction financi\u00e8re. C\u2019est pourquoi l\u2019Institut de leadership, de concert avec le Centre de transfert d\u2019entreprise du Qu\u00e9bec (CTEQ) ont lanc\u00e9 la premi\u00e8re certification canadienne en gestion de transfert d\u2019entreprise, couvrant &hellip;","og_url":"https:\/\/www.institutleadership.ca\/paris\/certification-en-gestion-de-transfert-dentreprise\/","og_site_name":"France - Institut de Leadership","article_modified_time":"2026-02-02T21:54:44+00:00","og_image":[{"url":"https:\/\/www.institutleadership.ca\/montreal\/wp-content\/uploads\/sites\/7\/2023\/09\/CTEQ_Logo_avec_descripteur_RVB-scaled-300x97.jpg"}],"twitter_card":"summary_large_image","twitter_misc":{"Estimation du temps de lecture":"4 minutes"},"schema":{"@context":"https:\/\/schema.org","@graph":[{"@type":"WebPage","@id":"https:\/\/www.institutleadership.ca\/paris\/certification-en-gestion-de-transfert-dentreprise\/","url":"https:\/\/www.institutleadership.ca\/paris\/certification-en-gestion-de-transfert-dentreprise\/","name":"Certification en gestion de transfert d\u2019entreprise - France - Institut de Leadership","isPartOf":{"@id":"https:\/\/www.institutleadership.ca\/paris\/#website"},"datePublished":"2025-04-04T13:53:55+00:00","dateModified":"2026-02-02T21:54:44+00:00","breadcrumb":{"@id":"https:\/\/www.institutleadership.ca\/paris\/certification-en-gestion-de-transfert-dentreprise\/#breadcrumb"},"inLanguage":"fr-CA","potentialAction":[{"@type":"ReadAction","target":["https:\/\/www.institutleadership.ca\/paris\/certification-en-gestion-de-transfert-dentreprise\/"]}]},{"@type":"BreadcrumbList","@id":"https:\/\/www.institutleadership.ca\/paris\/certification-en-gestion-de-transfert-dentreprise\/#breadcrumb","itemListElement":[{"@type":"ListItem","position":1,"name":"Accueil","item":"https:\/\/www.institutleadership.ca\/paris\/"},{"@type":"ListItem","position":2,"name":"Certification en gestion de transfert d\u2019entreprise"}]},{"@type":"WebSite","@id":"https:\/\/www.institutleadership.ca\/paris\/#website","url":"https:\/\/www.institutleadership.ca\/paris\/","name":"France - Institut de Leadership","description":"Formations pour cadres et dirigeants","potentialAction":[{"@type":"SearchAction","target":{"@type":"EntryPoint","urlTemplate":"https:\/\/www.institutleadership.ca\/paris\/?s={search_term_string}"},"query-input":"required name=search_term_string"}],"inLanguage":"fr-CA"}]}},"_links":{"self":[{"href":"https:\/\/www.institutleadership.ca\/paris\/wp-json\/wp\/v2\/pages\/11528"}],"collection":[{"href":"https:\/\/www.institutleadership.ca\/paris\/wp-json\/wp\/v2\/pages"}],"about":[{"href":"https:\/\/www.institutleadership.ca\/paris\/wp-json\/wp\/v2\/types\/page"}],"author":[{"embeddable":true,"href":"https:\/\/www.institutleadership.ca\/paris\/wp-json\/wp\/v2\/users\/17"}],"replies":[{"embeddable":true,"href":"https:\/\/www.institutleadership.ca\/paris\/wp-json\/wp\/v2\/comments?post=11528"}],"version-history":[{"count":2,"href":"https:\/\/www.institutleadership.ca\/paris\/wp-json\/wp\/v2\/pages\/11528\/revisions"}],"predecessor-version":[{"id":11545,"href":"https:\/\/www.institutleadership.ca\/paris\/wp-json\/wp\/v2\/pages\/11528\/revisions\/11545"}],"wp:attachment":[{"href":"https:\/\/www.institutleadership.ca\/paris\/wp-json\/wp\/v2\/media?parent=11528"}],"curies":[{"name":"wp","href":"https:\/\/api.w.org\/{rel}","templated":true}]}}